{"id":111,"date":"2013-03-30T15:40:23","date_gmt":"2013-03-30T15:40:23","guid":{"rendered":"http:\/\/kulturinsz.de\/cms\/?page_id=111"},"modified":"2013-05-03T23:25:42","modified_gmt":"2013-05-03T23:25:42","slug":"fordermittel","status":"publish","type":"page","link":"https:\/\/kulturinsz.de\/cms\/politik\/fordermittel\/","title":{"rendered":"F\u00f6rdermittel"},"content":{"rendered":"<p>F\u00fcr kulturelle Aktivit\u00e4ten im Bezirk gibt es verschiedene m\u00f6gliche F\u00f6rdert\u00f6pfe:<br \/>\n&nbsp;<\/p>\n<p style=\"text-align: center;\">Mittel zur dezentralen Kulturarbeit des Kulturamtes Steglitz-Zehlendorf<\/p>\n<p style=\"text-align: center;\">(<a href=\"http:\/\/www.kultur-steglitz-zehlendorf.de\/kulturfoerderung.html\" target=\"_blank\">www.kultur-steglitz-zehlendorf.de\/kulturfoerderung.html<\/a>)<\/p>\n<p>&nbsp;<\/p>\n<p style=\"text-align: center;\">Sondermittel der Bezirksverordnetenversammlung (BVV)<\/p>\n<p style=\"text-align: center;\">(<a href=\"http:\/\/www.berlin.de\/ba-steglitz-zehlendorf\/bvv\/sondermittel.html\" target=\"_blank\">www.berlin.de\/ba-steglitz-zehlendorf\/bvv\/sondermittel.html<\/a>)<\/p>\n<p>&nbsp;<\/p>\n<p style=\"text-align: center;\">&#8220;Lottomittel&#8221; der Stiftung Deutsche Klassenlotterie<\/p>\n<p style=\"text-align: center;\">(<a href=\"http:\/\/www.stiftung-deutsche-klassenlotterie-berlin.de\" target=\"_blank\">www.stiftung-deutsche-klassenlotterie-berlin.de<\/a>)<\/p>\n<p>&nbsp;<\/p>\n<p style=\"text-align: center;\">Mittel<!--more--> der B\u00fcrgerstiftung Steglitz-Zehlendorf<\/p>\n<p style=\"text-align: center;\">(<a title=\"B\u00fcrgerstiftung\" href=\"http:\/\/kulturinsz.de\/cms\/menschen\/burgerstiftung\/\" target=\"_blank\">B\u00fcrgerstiftung<\/a>)<\/p>\n<p>&nbsp;<\/p>\n<p style=\"text-align: center;\">Mittel aus dem Hauptstadtkulturfonds<\/p>\n<p style=\"text-align: center;\">(<a href=\"http:\/\/www.hauptstadtkulturfonds.berlin.de\" target=\"_blank\">www.hauptstadtkulturfonds.berlin.de<\/a>)<\/p>\n","protected":false},"excerpt":{"rendered":"<p>F\u00fcr kulturelle Aktivit\u00e4ten im Bezirk gibt es verschiedene m\u00f6gliche F\u00f6rdert\u00f6pfe: &nbsp; Mittel zur dezentralen Kulturarbeit des Kulturamtes Steglitz-Zehlendorf (www.kultur-steglitz-zehlendorf.de\/kulturfoerderung.html) &nbsp; Sondermittel der Bezirksverordnetenversammlung (BVV) (www.berlin.de\/ba-steglitz-zehlendorf\/bvv\/sondermittel.html) &nbsp; &#8220;Lottomittel&#8221; der Stiftung Deutsche Klassenlotterie (www.stiftung-deutsche-klassenlotterie-berlin.de) &nbsp; Mittel<\/p>\n","protected":false},"author":3,"featured_media":0,"parent":19,"menu_order":0,"comment_status":"open","ping_status":"open","template":"seite-mit-blog-aktuelles.php","meta":[],"_links":{"self":[{"href":"https:\/\/kulturinsz.de\/cms\/wp-json\/wp\/v2\/pages\/111"}],"collection":[{"href":"https:\/\/kulturinsz.de\/cms\/wp-json\/wp\/v2\/pages"}],"about":[{"href":"https:\/\/kulturinsz.de\/cms\/wp-json\/wp\/v2\/types\/page"}],"author":[{"embeddable":true,"href":"https:\/\/kulturinsz.de\/cms\/wp-json\/wp\/v2\/users\/3"}],"replies":[{"embeddable":true,"href":"https:\/\/kulturinsz.de\/cms\/wp-json\/wp\/v2\/comments?post=111"}],"version-history":[{"count":21,"href":"https:\/\/kulturinsz.de\/cms\/wp-json\/wp\/v2\/pages\/111\/revisions"}],"predecessor-version":[{"id":1653,"href":"https:\/\/kulturinsz.de\/cms\/wp-json\/wp\/v2\/pages\/111\/revisions\/1653"}],"up":[{"embeddable":true,"href":"https:\/\/kulturinsz.de\/cms\/wp-json\/wp\/v2\/pages\/19"}],"wp:attachment":[{"href":"https:\/\/kulturinsz.de\/cms\/wp-json\/wp\/v2\/media?parent=111"}],"curies":[{"name":"wp","href":"https:\/\/api.w.org\/{rel}","templated":true}]}}