{"id":11332,"date":"2023-05-19T17:47:09","date_gmt":"2023-05-19T15:47:09","guid":{"rendered":"https:\/\/kulturinsz.de\/cms\/?page_id=11332"},"modified":"2023-05-19T18:01:00","modified_gmt":"2023-05-19T16:01:00","slug":"galerie-bastian","status":"publish","type":"page","link":"https:\/\/kulturinsz.de\/cms\/orte\/galerien\/galerie-bastian\/","title":{"rendered":"Galerie Bastian"},"content":{"rendered":"<p>| <a href=\"https:\/\/kulturinsz.de\/cms\/orte\/galerien\/galerie-bastian\/\">Info<\/a> | <a href=\"https:\/\/kulturinsz.de\/cms\/locations\/galerie-bastian-2\/\">Veranstaltungen<\/a> | <a href=\"https:\/\/kulturinsz.de\/cms\/locations\/galerie-bastian-2\/\">Anfahrt<\/a> | <a href=\"https:\/\/kulturinsz.de\/cms\/orte\/galerien\/galerie-bastian\/\">Kommentare<\/a> |<\/p>\n<p><img loading=\"lazy\" class=\"alignleft size-medium wp-image-11337\" src=\"https:\/\/kulturinsz.de\/cms\/wp-content\/uploads\/2023\/05\/IMG_8625-300x169.jpeg\" alt=\"\" width=\"300\" height=\"169\" srcset=\"https:\/\/kulturinsz.de\/cms\/wp-content\/uploads\/2023\/05\/IMG_8625-300x169.jpeg 300w, https:\/\/kulturinsz.de\/cms\/wp-content\/uploads\/2023\/05\/IMG_8625-768x432.jpeg 768w, https:\/\/kulturinsz.de\/cms\/wp-content\/uploads\/2023\/05\/IMG_8625.jpeg 800w\" sizes=\"(max-width: 300px) 100vw, 300px\" \/>Seit November 2021 gibt es in Dahlem einen neuen Ort f\u00fcr internationale Gegenwartskunst in Berlin: die Galerie Bastian in der Taylorstra\u00dfe.<\/p>\n<p>Und die Bastians sind keine Unbekannten in der weltweiten Ausstellungsszene: von 2007 bis 2019 zog bereits ihr Galeriegeb\u00e4ude am Kupfergraben in Berlin-Mitte Kunstsammelnde an, bis Heiner Bastian das Chipperfield-Geb\u00e4ude der Stiftung Preu\u00dfischer Kulturbesitz schenkte. Ein weiteres Ausstellungshaus befindet sich in Mayfair, London.<\/p>\n<p><img loading=\"lazy\" class=\"alignright size-medium wp-image-11336\" src=\"https:\/\/kulturinsz.de\/cms\/wp-content\/uploads\/2023\/05\/IMG_8623-300x225.jpeg\" alt=\"\" width=\"300\" height=\"225\" srcset=\"https:\/\/kulturinsz.de\/cms\/wp-content\/uploads\/2023\/05\/IMG_8623-300x225.jpeg 300w, https:\/\/kulturinsz.de\/cms\/wp-content\/uploads\/2023\/05\/IMG_8623-768x576.jpeg 768w, https:\/\/kulturinsz.de\/cms\/wp-content\/uploads\/2023\/05\/IMG_8623.jpeg 800w\" sizes=\"(max-width: 300px) 100vw, 300px\" \/>Sein Sohn Aeneas ist mittlerweile Leiter der Galerie und damit auch Hausherr in eigens neu errichteten Pawson-Bau an der Taylorstra\u00dfe. Hier l\u00e4dt er zu Einzelausstellungen und kuratierten Gruppenausstellungen von Werken von Pablo Picasso und Emil Nolde \u00fcber Vertreter der Nachkriegsmoderne wie Joseph Beuys, Anselm Kiefer, Cy Twombly, Robert Rauschenberg und Andy Warhol. In Deutschland repr\u00e4sentiert die Galerie zeitgen\u00f6ssische K\u00fcnstler*innen wie Anselm Kiefer, Ulrich Erben, Wim Wenders und Emma Stibbon.<\/p>\n<p><img loading=\"lazy\" class=\"alignleft size-medium wp-image-11338\" src=\"https:\/\/kulturinsz.de\/cms\/wp-content\/uploads\/2023\/05\/IMG_8626-300x169.jpeg\" alt=\"\" width=\"300\" height=\"169\" srcset=\"https:\/\/kulturinsz.de\/cms\/wp-content\/uploads\/2023\/05\/IMG_8626-300x169.jpeg 300w, https:\/\/kulturinsz.de\/cms\/wp-content\/uploads\/2023\/05\/IMG_8626-768x432.jpeg 768w, https:\/\/kulturinsz.de\/cms\/wp-content\/uploads\/2023\/05\/IMG_8626.jpeg 800w\" sizes=\"(max-width: 300px) 100vw, 300px\" \/>Neben den Ausstellungen stehen auch \u00f6ffentliche Vortr\u00e4ge, Lesungen und Konzerten auf dem Programm der Galerie.<\/p>\n<p>Im Netz zu finden ist die Galerie unter:<\/p>\n<p><a href=\"https:\/\/www.bastian-gallery.com\">https:\/\/www.bastian-gallery.com<\/a><\/p>\n","protected":false},"excerpt":{"rendered":"<p>| Info | Veranstaltungen | Anfahrt | Kommentare | Seit November 2021 gibt es in Dahlem einen neuen Ort f\u00fcr internationale Gegenwartskunst in Berlin: die Galerie Bastian in der Taylorstra\u00dfe. Und die Bastians sind keine Unbekannten in der weltweiten Ausstellungsszene: &hellip; <a href=\"https:\/\/kulturinsz.de\/cms\/orte\/galerien\/galerie-bastian\/\">Weiterlesen <span class=\"meta-nav\">&rarr;<\/span><\/a><\/p>\n","protected":false},"author":3,"featured_media":0,"parent":82,"menu_order":0,"comment_status":"closed","ping_status":"closed","template":"","meta":[],"_links":{"self":[{"href":"https:\/\/kulturinsz.de\/cms\/wp-json\/wp\/v2\/pages\/11332"}],"collection":[{"href":"https:\/\/kulturinsz.de\/cms\/wp-json\/wp\/v2\/pages"}],"about":[{"href":"https:\/\/kulturinsz.de\/cms\/wp-json\/wp\/v2\/types\/page"}],"author":[{"embeddable":true,"href":"https:\/\/kulturinsz.de\/cms\/wp-json\/wp\/v2\/users\/3"}],"replies":[{"embeddable":true,"href":"https:\/\/kulturinsz.de\/cms\/wp-json\/wp\/v2\/comments?post=11332"}],"version-history":[{"count":5,"href":"https:\/\/kulturinsz.de\/cms\/wp-json\/wp\/v2\/pages\/11332\/revisions"}],"predecessor-version":[{"id":11340,"href":"https:\/\/kulturinsz.de\/cms\/wp-json\/wp\/v2\/pages\/11332\/revisions\/11340"}],"up":[{"embeddable":true,"href":"https:\/\/kulturinsz.de\/cms\/wp-json\/wp\/v2\/pages\/82"}],"wp:attachment":[{"href":"https:\/\/kulturinsz.de\/cms\/wp-json\/wp\/v2\/media?parent=11332"}],"curies":[{"name":"wp","href":"https:\/\/api.w.org\/{rel}","templated":true}]}}

<p>| <a href="https://kulturinsz.de/cms/orte/galerien/galerie-bastian/">Info</a> | <a href="https://kulturinsz.de/cms/locations/galerie-bastian-2/">Veranstaltungen</a> | <a href="https://kulturinsz.de/cms/locations/galerie-bastian-2/">Anfahrt</a> | <a href="https://kulturinsz.de/cms/orte/galerien/galerie-bastian/">Kommentare</a> |</p>
<p><img loading="lazy" class="alignleft size-medium wp-image-11337" src="https://kulturinsz.de/cms/wp-content/uploads/2023/05/IMG_8625-300x169.jpeg" alt="" width="300" height="169" srcset="https://kulturinsz.de/cms/wp-content/uploads/2023/05/IMG_8625-300x169.jpeg 300w, https://kulturinsz.de/cms/wp-content/uploads/2023/05/IMG_8625-768x432.jpeg 768w, https://kulturinsz.de/cms/wp-content/uploads/2023/05/IMG_8625.jpeg 800w" sizes="(max-width: 300px) 100vw, 300px" />Seit November 2021 gibt es in Dahlem einen neuen Ort für internationale Gegenwartskunst in Berlin: die Galerie Bastian in der Taylorstraße.</p>
<p>Und die Bastians sind keine Unbekannten in der weltweiten Ausstellungsszene: von 2007 bis 2019 zog bereits ihr Galeriegebäude am Kupfergraben in Berlin-Mitte Kunstsammelnde an, bis Heiner Bastian das Chipperfield-Gebäude der Stiftung Preußischer Kulturbesitz schenkte. Ein weiteres Ausstellungshaus befindet sich in Mayfair, London.</p>
<p><img loading="lazy" class="alignright size-medium wp-image-11336" src="https://kulturinsz.de/cms/wp-content/uploads/2023/05/IMG_8623-300x225.jpeg" alt="" width="300" height="225" srcset="https://kulturinsz.de/cms/wp-content/uploads/2023/05/IMG_8623-300x225.jpeg 300w, https://kulturinsz.de/cms/wp-content/uploads/2023/05/IMG_8623-768x576.jpeg 768w, https://kulturinsz.de/cms/wp-content/uploads/2023/05/IMG_8623.jpeg 800w" sizes="(max-width: 300px) 100vw, 300px" />Sein Sohn Aeneas ist mittlerweile Leiter der Galerie und damit auch Hausherr in eigens neu errichteten Pawson-Bau an der Taylorstraße. Hier lädt er zu Einzelausstellungen und kuratierten Gruppenausstellungen von Werken von Pablo Picasso und Emil Nolde über Vertreter der Nachkriegsmoderne wie Joseph Beuys, Anselm Kiefer, Cy Twombly, Robert Rauschenberg und Andy Warhol. In Deutschland repräsentiert die Galerie zeitgenössische Künstler*innen wie Anselm Kiefer, Ulrich Erben, Wim Wenders und Emma Stibbon.</p>
<p><img loading="lazy" class="alignleft size-medium wp-image-11338" src="https://kulturinsz.de/cms/wp-content/uploads/2023/05/IMG_8626-300x169.jpeg" alt="" width="300" height="169" srcset="https://kulturinsz.de/cms/wp-content/uploads/2023/05/IMG_8626-300x169.jpeg 300w, https://kulturinsz.de/cms/wp-content/uploads/2023/05/IMG_8626-768x432.jpeg 768w, https://kulturinsz.de/cms/wp-content/uploads/2023/05/IMG_8626.jpeg 800w" sizes="(max-width: 300px) 100vw, 300px" />Neben den Ausstellungen stehen auch öffentliche Vorträge, Lesungen und Konzerten auf dem Programm der Galerie.</p>
<p>Im Netz zu finden ist die Galerie unter:</p>
<p><a href="https://www.bastian-gallery.com">https://www.bastian-gallery.com</a></p>

<p>| Info | Veranstaltungen | Anfahrt | Kommentare | Seit November 2021 gibt es in Dahlem einen neuen Ort für internationale Gegenwartskunst in Berlin: die Galerie Bastian in der Taylorstraße. Und die Bastians sind keine Unbekannten in der weltweiten Ausstellungsszene: &hellip; <a href="https://kulturinsz.de/cms/orte/galerien/galerie-bastian/">Weiterlesen <span class="meta-nav">&rarr;</span></a></p>
