{"id":1202,"date":"2013-04-30T20:49:53","date_gmt":"2013-04-30T20:49:53","guid":{"rendered":"http:\/\/kulturinsz.de\/cms\/?page_id=1202"},"modified":"2013-07-17T12:43:38","modified_gmt":"2013-07-17T10:43:38","slug":"staatliche-museen-dahlem","status":"publish","type":"page","link":"https:\/\/kulturinsz.de\/cms\/orte\/museen\/staatliche-museen-dahlem\/","title":{"rendered":"Staatliche Museen Dahlem"},"content":{"rendered":"<h3>| <a title=\"Staatliche Museen Dahlem\" href=\"http:\/\/kulturinsz.de\/cms\/orte\/museen\/staatliche-museen-dahlem\/\">Info<\/a> | <a title=\"Staatliche Museen Dahlem\" href=\"http:\/\/kulturinsz.de\/cms\/locations\/staatliche-museen-dahlem\/\">Veranstaltungen<\/a> | <a title=\"Staatliche Museen Dahlem\" href=\"http:\/\/kulturinsz.de\/cms\/locations\/staatliche-museen-dahlem\/\">Anfahrt<\/a> | <a title=\"Staatliche Museen Dahlem\" href=\"http:\/\/kulturinsz.de\/cms\/orte\/museen\/staatliche-museen-dahlem\/\">Kommentare<\/a> |<\/h3>\n<h3><strong>Museum f\u00fcr Asistische Kunst, Ethnologisches Museum, Juniormuseum<\/strong><\/h3>\n<p>Die Staatlichen Museen Dahlem bieten dem Besucher einen reichen Schatz an Ausstellungsst\u00fccken aus aller Welt: Allein das Ethnologische Museum pr\u00e4sentiert 500.000 Exponate aus dem v\u00f6lkerkundlichen Bereich, das Museum f\u00fcr Asiatische Kunst kommt mit seinem reichen Bestand dazu, der bis in das 4.Jahrtausend vor Christus zur\u00fcck f\u00fchrt. Die W\u00fcste wird erlebbar f\u00fcr die jungen Besucher im angeschlossenen Juniormuseum.<br \/>\nEcke Arnimallee\/Takustr.<br \/>\n14195 Berlin<br \/>\n<a href=\"http:\/\/www.smb.spk-berlin.de\/smb\/standorte\/index.php?lang=de&amp;p=2&amp;objID=33&amp;n=4\" target=\"_blank\">www.smb.spk-berlin.de\/<\/a><\/p>\n","protected":false},"excerpt":{"rendered":"<p>| Info | Veranstaltungen | Anfahrt | Kommentare | Museum f\u00fcr Asistische Kunst, Ethnologisches Museum, Juniormuseum Die Staatlichen Museen Dahlem bieten dem Besucher einen reichen Schatz an Ausstellungsst\u00fccken aus aller Welt: Allein das Ethnologische Museum pr\u00e4sentiert 500.000 Exponate aus dem &hellip; <a href=\"https:\/\/kulturinsz.de\/cms\/orte\/museen\/staatliche-museen-dahlem\/\">Weiterlesen <span class=\"meta-nav\">&rarr;<\/span><\/a><\/p>\n","protected":false},"author":1,"featured_media":0,"parent":91,"menu_order":0,"comment_status":"open","ping_status":"open","template":"seite-mit-blog-aktuelles.php","meta":[],"_links":{"self":[{"href":"https:\/\/kulturinsz.de\/cms\/wp-json\/wp\/v2\/pages\/1202"}],"collection":[{"href":"https:\/\/kulturinsz.de\/cms\/wp-json\/wp\/v2\/pages"}],"about":[{"href":"https:\/\/kulturinsz.de\/cms\/wp-json\/wp\/v2\/types\/page"}],"author":[{"embeddable":true,"href":"https:\/\/kulturinsz.de\/cms\/wp-json\/wp\/v2\/users\/1"}],"replies":[{"embeddable":true,"href":"https:\/\/kulturinsz.de\/cms\/wp-json\/wp\/v2\/comments?post=1202"}],"version-history":[{"count":5,"href":"https:\/\/kulturinsz.de\/cms\/wp-json\/wp\/v2\/pages\/1202\/revisions"}],"predecessor-version":[{"id":1535,"href":"https:\/\/kulturinsz.de\/cms\/wp-json\/wp\/v2\/pages\/1202\/revisions\/1535"}],"up":[{"embeddable":true,"href":"https:\/\/kulturinsz.de\/cms\/wp-json\/wp\/v2\/pages\/91"}],"wp:attachment":[{"href":"https:\/\/kulturinsz.de\/cms\/wp-json\/wp\/v2\/media?parent=1202"}],"curies":[{"name":"wp","href":"https:\/\/api.w.org\/{rel}","templated":true}]}}