{"id":1400,"date":"2013-05-03T13:26:46","date_gmt":"2013-05-03T13:26:46","guid":{"rendered":"http:\/\/kulturinsz.de\/cms\/?page_id=1400"},"modified":"2013-08-13T15:31:41","modified_gmt":"2013-08-13T13:31:41","slug":"buchhandlung-braun-und-hassenpflug","status":"publish","type":"page","link":"https:\/\/kulturinsz.de\/cms\/orte\/buchhandlungen\/buchhandlung-braun-und-hassenpflug\/","title":{"rendered":"Buchhandlung Braun und Hassenpflug"},"content":{"rendered":"<p>| <a title=\"Buchhandlung Braun und Hassenpflug\" href=\"http:\/\/kulturinsz.de\/cms\/orte\/buchhandlungen\/buchhandlung-braun-und-hassenpflug\/\">Info<\/a> | <a title=\"Buchhandlung Braun und Hassenpflug\" href=\"http:\/\/kulturinsz.de\/cms\/locations\/buchhandlung-braun-und-hassenpflug\/\">Veranstaltungen<\/a> | <a title=\"Buchhandlung Braun und Hassenpflug\" href=\"http:\/\/kulturinsz.de\/cms\/locations\/buchhandlung-braun-und-hassenpflug\/\">Anfahrt<\/a> | <a title=\"Buchhandlung Braun und Hassenpflug\" href=\"http:\/\/kulturinsz.de\/cms\/orte\/buchhandlungen\/buchhandlung-braun-und-hassenpflug\/\">Kommentare<\/a> |<\/p>\n<p>Fischerh\u00fcttenstra\u00dfe 79<br \/>\n14163 Berlin<\/p>\n<p>Die Buchhandlung verf\u00fcgt auch \u00fcber eine Galerie, in der wechselnde Ausstellungen stattfinden (s.\u00a0<a title=\"Buchhandlung Braun und Hassenpflug\" href=\"http:\/\/kulturinsz.de\/cms\/locations\/buchhandlung-braun-und-hassenpflug\/\">Veranstaltungen<\/a>).<\/p>\n<p><a href=\"http:\/\/www.braunundhassenpflug.de\" target=\"_blank\">www.braunundhassenpflug.de<\/a><\/p>\n<p>&nbsp;<\/p>\n","protected":false},"excerpt":{"rendered":"<p>| Info | Veranstaltungen | Anfahrt | Kommentare | Fischerh\u00fcttenstra\u00dfe 79 14163 Berlin Die Buchhandlung verf\u00fcgt auch \u00fcber eine Galerie, in der wechselnde Ausstellungen stattfinden (s.\u00a0Veranstaltungen). www.braunundhassenpflug.de &nbsp;<\/p>\n","protected":false},"author":3,"featured_media":0,"parent":528,"menu_order":0,"comment_status":"open","ping_status":"open","template":"seite-mit-blog-aktuelles.php","meta":[],"_links":{"self":[{"href":"https:\/\/kulturinsz.de\/cms\/wp-json\/wp\/v2\/pages\/1400"}],"collection":[{"href":"https:\/\/kulturinsz.de\/cms\/wp-json\/wp\/v2\/pages"}],"about":[{"href":"https:\/\/kulturinsz.de\/cms\/wp-json\/wp\/v2\/types\/page"}],"author":[{"embeddable":true,"href":"https:\/\/kulturinsz.de\/cms\/wp-json\/wp\/v2\/users\/3"}],"replies":[{"embeddable":true,"href":"https:\/\/kulturinsz.de\/cms\/wp-json\/wp\/v2\/comments?post=1400"}],"version-history":[{"count":6,"href":"https:\/\/kulturinsz.de\/cms\/wp-json\/wp\/v2\/pages\/1400\/revisions"}],"predecessor-version":[{"id":1403,"href":"https:\/\/kulturinsz.de\/cms\/wp-json\/wp\/v2\/pages\/1400\/revisions\/1403"}],"up":[{"embeddable":true,"href":"https:\/\/kulturinsz.de\/cms\/wp-json\/wp\/v2\/pages\/528"}],"wp:attachment":[{"href":"https:\/\/kulturinsz.de\/cms\/wp-json\/wp\/v2\/media?parent=1400"}],"curies":[{"name":"wp","href":"https:\/\/api.w.org\/{rel}","templated":true}]}}