{"id":1548,"date":"2013-07-14T19:57:04","date_gmt":"2013-07-14T17:57:04","guid":{"rendered":"http:\/\/kulturinsz.de\/cms\/?page_id=1548"},"modified":"2013-07-15T23:14:11","modified_gmt":"2013-07-15T21:14:11","slug":"stadtepartnerschaftsverein","status":"publish","type":"page","link":"https:\/\/kulturinsz.de\/cms\/orte\/partnerstadte\/stadtepartnerschaftsverein\/","title":{"rendered":"St\u00e4dtepartnerschaftsverein"},"content":{"rendered":"<p>Steglitz-Zehlendorf verf\u00fcgt \u00fcber einen engagierten St\u00e4dtepartnerschaftsverein, der die internationalen Kontakte pflegt und koordiniert:<\/p>\n<p>K\u00f6nigin-Luise-Stra\u00dfe 92<br \/>\n14195 Berlin<\/p>\n<p>Tel.:030\/ 67 46 30 05<br \/>\nFax.:030\/ 6746 30 06<\/p>\n<p><a href=\"http:\/\/www.bsz-spv.de\" target=\"_blank\">www.bsz-spv.de<\/a><\/p>\n<p>&nbsp;<\/p>\n","protected":false},"excerpt":{"rendered":"<p>Steglitz-Zehlendorf verf\u00fcgt \u00fcber einen engagierten St\u00e4dtepartnerschaftsverein, der die internationalen Kontakte pflegt und koordiniert: K\u00f6nigin-Luise-Stra\u00dfe 92 14195 Berlin Tel.:030\/ 67 46 30 05 Fax.:030\/ 6746 30 06 www.bsz-spv.de &nbsp;<\/p>\n","protected":false},"author":3,"featured_media":0,"parent":179,"menu_order":0,"comment_status":"open","ping_status":"open","template":"seite-mit-blog-aktuelles.php","meta":[],"_links":{"self":[{"href":"https:\/\/kulturinsz.de\/cms\/wp-json\/wp\/v2\/pages\/1548"}],"collection":[{"href":"https:\/\/kulturinsz.de\/cms\/wp-json\/wp\/v2\/pages"}],"about":[{"href":"https:\/\/kulturinsz.de\/cms\/wp-json\/wp\/v2\/types\/page"}],"author":[{"embeddable":true,"href":"https:\/\/kulturinsz.de\/cms\/wp-json\/wp\/v2\/users\/3"}],"replies":[{"embeddable":true,"href":"https:\/\/kulturinsz.de\/cms\/wp-json\/wp\/v2\/comments?post=1548"}],"version-history":[{"count":5,"href":"https:\/\/kulturinsz.de\/cms\/wp-json\/wp\/v2\/pages\/1548\/revisions"}],"predecessor-version":[{"id":1874,"href":"https:\/\/kulturinsz.de\/cms\/wp-json\/wp\/v2\/pages\/1548\/revisions\/1874"}],"up":[{"embeddable":true,"href":"https:\/\/kulturinsz.de\/cms\/wp-json\/wp\/v2\/pages\/179"}],"wp:attachment":[{"href":"https:\/\/kulturinsz.de\/cms\/wp-json\/wp\/v2\/media?parent=1548"}],"curies":[{"name":"wp","href":"https:\/\/api.w.org\/{rel}","templated":true}]}}