{"id":1550,"date":"2013-07-14T20:02:17","date_gmt":"2013-07-14T18:02:17","guid":{"rendered":"http:\/\/kulturinsz.de\/cms\/?page_id=1550"},"modified":"2013-09-19T14:03:56","modified_gmt":"2013-09-19T12:03:56","slug":"stadtepartnerschaften","status":"publish","type":"page","link":"https:\/\/kulturinsz.de\/cms\/orte\/partnerstadte\/stadtepartnerschaften\/","title":{"rendered":"St\u00e4dtepartnerschaften"},"content":{"rendered":"<p>Steglitz-Zehlendorf verf\u00fcgt \u00fcber internationale und nationale Partnerschaften:<\/p>\n<p>International:<\/p>\n<p>| Br\u00f6ndby \/ D\u00e4nemark | Budapest-Zugl\u00f3 \/ Ungarn | Cassino \/ Italien | Charkov-Ordshonikidse \/ Ukraine | Kazimierz Dolny, Nalecz\u00f3w, Poniatowa \/ Polen | Kiriat Bialik \/ Israel | Paris, 12. Arrondissement \/ Frankreich | Ronneby \/ Schweden | Sderot \/ Israel | Langadas (Sochos) \/ Griechenland | Szilv\u00e1sv\u00e1rad \/ Ungarn |<\/p>\n<p>Neu ist hier die Partnerschaft mit Songpa, einem Bezirk von Seoul \/ S\u00fcdkorea.<\/p>\n<p>National:<\/p>\n<p>| Bonn-Bad-Godesberg | Bremerhaven | Hagen\/Westfalen | Hannoversch-M\u00fcnden | K\u00f6nigs Wusterhausen | Landkreis G\u00f6ttingen | Landkreis L\u00fcchow-Dannenberg | Landkreis Rendsburg-Eckernf\u00f6rde | Landkreis Westerwald | Nentershausen<\/p>\n","protected":false},"excerpt":{"rendered":"<p>Steglitz-Zehlendorf verf\u00fcgt \u00fcber internationale und nationale Partnerschaften: International: | Br\u00f6ndby \/ D\u00e4nemark | Budapest-Zugl\u00f3 \/ Ungarn | Cassino \/ Italien | Charkov-Ordshonikidse \/ Ukraine | Kazimierz Dolny, Nalecz\u00f3w, Poniatowa \/ Polen | Kiriat Bialik \/ Israel | Paris, 12. Arrondissement &hellip; <a href=\"https:\/\/kulturinsz.de\/cms\/orte\/partnerstadte\/stadtepartnerschaften\/\">Weiterlesen <span class=\"meta-nav\">&rarr;<\/span><\/a><\/p>\n","protected":false},"author":3,"featured_media":0,"parent":179,"menu_order":0,"comment_status":"closed","ping_status":"closed","template":"seite-mit-blog-aktuelles.php","meta":[],"_links":{"self":[{"href":"https:\/\/kulturinsz.de\/cms\/wp-json\/wp\/v2\/pages\/1550"}],"collection":[{"href":"https:\/\/kulturinsz.de\/cms\/wp-json\/wp\/v2\/pages"}],"about":[{"href":"https:\/\/kulturinsz.de\/cms\/wp-json\/wp\/v2\/types\/page"}],"author":[{"embeddable":true,"href":"https:\/\/kulturinsz.de\/cms\/wp-json\/wp\/v2\/users\/3"}],"replies":[{"embeddable":true,"href":"https:\/\/kulturinsz.de\/cms\/wp-json\/wp\/v2\/comments?post=1550"}],"version-history":[{"count":7,"href":"https:\/\/kulturinsz.de\/cms\/wp-json\/wp\/v2\/pages\/1550\/revisions"}],"predecessor-version":[{"id":3367,"href":"https:\/\/kulturinsz.de\/cms\/wp-json\/wp\/v2\/pages\/1550\/revisions\/3367"}],"up":[{"embeddable":true,"href":"https:\/\/kulturinsz.de\/cms\/wp-json\/wp\/v2\/pages\/179"}],"wp:attachment":[{"href":"https:\/\/kulturinsz.de\/cms\/wp-json\/wp\/v2\/media?parent=1550"}],"curies":[{"name":"wp","href":"https:\/\/api.w.org\/{rel}","templated":true}]}}