{"id":156,"date":"2013-04-30T13:38:05","date_gmt":"2013-04-30T13:38:05","guid":{"rendered":"http:\/\/kulturinsz.de\/cms\/?page_id=156"},"modified":"2013-07-17T13:09:22","modified_gmt":"2013-07-17T11:09:22","slug":"strassen","status":"publish","type":"page","link":"https:\/\/kulturinsz.de\/cms\/orte\/denkmaeler\/strassen\/","title":{"rendered":"Stra\u00dfen"},"content":{"rendered":"<p>Auch Stra\u00dfen k\u00f6nnen durch ihre Lage, ihren Namen oder ihre Geschichte Gedenkorte sein.<\/p>\n","protected":false},"excerpt":{"rendered":"<p>Auch Stra\u00dfen k\u00f6nnen durch ihre Lage, ihren Namen oder ihre Geschichte Gedenkorte sein.<\/p>\n","protected":false},"author":3,"featured_media":0,"parent":132,"menu_order":0,"comment_status":"open","ping_status":"open","template":"seite-mit-blog-aktuelles.php","meta":[],"_links":{"self":[{"href":"https:\/\/kulturinsz.de\/cms\/wp-json\/wp\/v2\/pages\/156"}],"collection":[{"href":"https:\/\/kulturinsz.de\/cms\/wp-json\/wp\/v2\/pages"}],"about":[{"href":"https:\/\/kulturinsz.de\/cms\/wp-json\/wp\/v2\/types\/page"}],"author":[{"embeddable":true,"href":"https:\/\/kulturinsz.de\/cms\/wp-json\/wp\/v2\/users\/3"}],"replies":[{"embeddable":true,"href":"https:\/\/kulturinsz.de\/cms\/wp-json\/wp\/v2\/comments?post=156"}],"version-history":[{"count":12,"href":"https:\/\/kulturinsz.de\/cms\/wp-json\/wp\/v2\/pages\/156\/revisions"}],"predecessor-version":[{"id":2360,"href":"https:\/\/kulturinsz.de\/cms\/wp-json\/wp\/v2\/pages\/156\/revisions\/2360"}],"up":[{"embeddable":true,"href":"https:\/\/kulturinsz.de\/cms\/wp-json\/wp\/v2\/pages\/132"}],"wp:attachment":[{"href":"https:\/\/kulturinsz.de\/cms\/wp-json\/wp\/v2\/media?parent=156"}],"curies":[{"name":"wp","href":"https:\/\/api.w.org\/{rel}","templated":true}]}}