{"id":1663,"date":"2013-05-03T23:49:18","date_gmt":"2013-05-03T23:49:18","guid":{"rendered":"http:\/\/kulturinsz.de\/cms\/?page_id=1663"},"modified":"2014-04-23T12:34:39","modified_gmt":"2014-04-23T10:34:39","slug":"integrationsbeirat","status":"publish","type":"page","link":"https:\/\/kulturinsz.de\/cms\/politik\/multikulturelles\/integrationsbeirat\/","title":{"rendered":"Integrationsbeirat"},"content":{"rendered":"<p>Mit Beschluss vom 25.04.2012 wurde in Steglitz-Zehlendorf ein Integrationsbeirat eingerichtet, dem Vertreter verschiedenster Tr\u00e4ger mit Migrationsbezug angeh\u00f6ren.<\/p>\n<p><a href=\"http:\/\/www.berliner-woche.de\/nachrichten\/bezirk-steglitz-zehlendorf\/artikel\/10794-der-suedwesten-hat-einen-integrationsbeirat\/\" target=\"_blank\">www.berliner-woche.de\/nachrichten\/bezirk-steglitz-zehlendorf\/artikel\/10794-der-suedwesten-hat-einen-integrationsbeirat\/<\/a><\/p>\n<p>Kontakt:<\/p>\n<p>Beirat f\u00fcr Integration und Migration im Bezirk Steglitz-Zehlendorf von Berlin<\/p>\n<p>B\u00fcro des Bezirksb\u00fcrgermeisters, Kirchstra\u00dfe 1\/3, 14163 Berlin<\/p>\n<p>E-Mail: IntegrationsbeiratSteglitzZehlendorf@gmx.de<\/p>\n","protected":false},"excerpt":{"rendered":"<p>Mit Beschluss vom 25.04.2012 wurde in Steglitz-Zehlendorf ein Integrationsbeirat eingerichtet, dem Vertreter verschiedenster Tr\u00e4ger mit Migrationsbezug angeh\u00f6ren. www.berliner-woche.de\/nachrichten\/bezirk-steglitz-zehlendorf\/artikel\/10794-der-suedwesten-hat-einen-integrationsbeirat\/ Kontakt: Beirat f\u00fcr Integration und Migration im Bezirk Steglitz-Zehlendorf von Berlin B\u00fcro des Bezirksb\u00fcrgermeisters, Kirchstra\u00dfe 1\/3, 14163 Berlin E-Mail: IntegrationsbeiratSteglitzZehlendorf@gmx.de<\/p>\n","protected":false},"author":3,"featured_media":0,"parent":181,"menu_order":0,"comment_status":"open","ping_status":"open","template":"seite-mit-blog-aktuelles.php","meta":[],"_links":{"self":[{"href":"https:\/\/kulturinsz.de\/cms\/wp-json\/wp\/v2\/pages\/1663"}],"collection":[{"href":"https:\/\/kulturinsz.de\/cms\/wp-json\/wp\/v2\/pages"}],"about":[{"href":"https:\/\/kulturinsz.de\/cms\/wp-json\/wp\/v2\/types\/page"}],"author":[{"embeddable":true,"href":"https:\/\/kulturinsz.de\/cms\/wp-json\/wp\/v2\/users\/3"}],"replies":[{"embeddable":true,"href":"https:\/\/kulturinsz.de\/cms\/wp-json\/wp\/v2\/comments?post=1663"}],"version-history":[{"count":2,"href":"https:\/\/kulturinsz.de\/cms\/wp-json\/wp\/v2\/pages\/1663\/revisions"}],"predecessor-version":[{"id":4446,"href":"https:\/\/kulturinsz.de\/cms\/wp-json\/wp\/v2\/pages\/1663\/revisions\/4446"}],"up":[{"embeddable":true,"href":"https:\/\/kulturinsz.de\/cms\/wp-json\/wp\/v2\/pages\/181"}],"wp:attachment":[{"href":"https:\/\/kulturinsz.de\/cms\/wp-json\/wp\/v2\/media?parent=1663"}],"curies":[{"name":"wp","href":"https:\/\/api.w.org\/{rel}","templated":true}]}}

<p>Mit Beschluss vom 25.04.2012 wurde in Steglitz-Zehlendorf ein Integrationsbeirat eingerichtet, dem Vertreter verschiedenster Träger mit Migrationsbezug angehören.</p>
<p><a href="http://www.berliner-woche.de/nachrichten/bezirk-steglitz-zehlendorf/artikel/10794-der-suedwesten-hat-einen-integrationsbeirat/" target="_blank">www.berliner-woche.de/nachrichten/bezirk-steglitz-zehlendorf/artikel/10794-der-suedwesten-hat-einen-integrationsbeirat/</a></p>
<p>Kontakt:</p>
<p>Beirat für Integration und Migration im Bezirk Steglitz-Zehlendorf von Berlin</p>
<p>Büro des Bezirksbürgermeisters, Kirchstraße 1/3, 14163 Berlin</p>
<p>E-Mail: IntegrationsbeiratSteglitzZehlendorf@gmx.de</p>

<p>Mit Beschluss vom 25.04.2012 wurde in Steglitz-Zehlendorf ein Integrationsbeirat eingerichtet, dem Vertreter verschiedenster Träger mit Migrationsbezug angehören. www.berliner-woche.de/nachrichten/bezirk-steglitz-zehlendorf/artikel/10794-der-suedwesten-hat-einen-integrationsbeirat/ Kontakt: Beirat für Integration und Migration im Bezirk Steglitz-Zehlendorf von Berlin Büro des Bezirksbürgermeisters, Kirchstraße 1/3, 14163 Berlin E-Mail: IntegrationsbeiratSteglitzZehlendorf@gmx.de</p>
