{"id":1665,"date":"2013-05-03T23:55:42","date_gmt":"2013-05-03T23:55:42","guid":{"rendered":"http:\/\/kulturinsz.de\/cms\/?page_id=1665"},"modified":"2014-04-16T13:11:25","modified_gmt":"2014-04-16T11:11:25","slug":"netzwerk-integration-sudwest","status":"publish","type":"page","link":"https:\/\/kulturinsz.de\/cms\/politik\/multikulturelles\/netzwerk-integration-sudwest\/","title":{"rendered":"Netzwerk Integration S\u00fcdwest"},"content":{"rendered":"<p>Das Netzwerk Integration S\u00fcdwest (NIS) vereinigt Oganisationen, Vereine und Institutionen im Steglitz-Zehlendorf, die im Bereich Migration und Integration t\u00e4tig sind.<\/p>\n<p>Kontakt:<\/p>\n<div>\n<p>Netzwerk Integration S\u00fcdwest (NIS)<br \/>\nBirkbuschstra\u00dfe 47<br \/>\n12167 Berlin<br \/>\nNIS-Berlin@web.de<\/p>\n<\/div>\n","protected":false},"excerpt":{"rendered":"<p>Das Netzwerk Integration S\u00fcdwest (NIS) vereinigt Oganisationen, Vereine und Institutionen im Steglitz-Zehlendorf, die im Bereich Migration und Integration t\u00e4tig sind. Kontakt: Netzwerk Integration S\u00fcdwest (NIS) Birkbuschstra\u00dfe 47 12167 Berlin NIS-Berlin@web.de<\/p>\n","protected":false},"author":3,"featured_media":0,"parent":181,"menu_order":0,"comment_status":"open","ping_status":"open","template":"seite-mit-blog-aktuelles.php","meta":[],"_links":{"self":[{"href":"https:\/\/kulturinsz.de\/cms\/wp-json\/wp\/v2\/pages\/1665"}],"collection":[{"href":"https:\/\/kulturinsz.de\/cms\/wp-json\/wp\/v2\/pages"}],"about":[{"href":"https:\/\/kulturinsz.de\/cms\/wp-json\/wp\/v2\/types\/page"}],"author":[{"embeddable":true,"href":"https:\/\/kulturinsz.de\/cms\/wp-json\/wp\/v2\/users\/3"}],"replies":[{"embeddable":true,"href":"https:\/\/kulturinsz.de\/cms\/wp-json\/wp\/v2\/comments?post=1665"}],"version-history":[{"count":4,"href":"https:\/\/kulturinsz.de\/cms\/wp-json\/wp\/v2\/pages\/1665\/revisions"}],"predecessor-version":[{"id":1669,"href":"https:\/\/kulturinsz.de\/cms\/wp-json\/wp\/v2\/pages\/1665\/revisions\/1669"}],"up":[{"embeddable":true,"href":"https:\/\/kulturinsz.de\/cms\/wp-json\/wp\/v2\/pages\/181"}],"wp:attachment":[{"href":"https:\/\/kulturinsz.de\/cms\/wp-json\/wp\/v2\/media?parent=1665"}],"curies":[{"name":"wp","href":"https:\/\/api.w.org\/{rel}","templated":true}]}}

Netzwerk Integration Südwest

<p>Das Netzwerk Integration Südwest (NIS) vereinigt Oganisationen, Vereine und Institutionen im Steglitz-Zehlendorf, die im Bereich Migration und Integration tätig sind.</p>
<p>Kontakt:</p>
<div>
<p>Netzwerk Integration Südwest (NIS)<br />
Birkbuschstraße 47<br />
12167 Berlin<br />
NIS-Berlin@web.de</p>
</div>

<p>Das Netzwerk Integration Südwest (NIS) vereinigt Oganisationen, Vereine und Institutionen im Steglitz-Zehlendorf, die im Bereich Migration und Integration tätig sind. Kontakt: Netzwerk Integration Südwest (NIS) Birkbuschstraße 47 12167 Berlin NIS-Berlin@web.de</p>
