{"id":2218,"date":"2013-07-16T17:47:46","date_gmt":"2013-07-16T15:47:46","guid":{"rendered":"http:\/\/kulturinsz.de\/cms\/?page_id=2218"},"modified":"2013-07-16T17:51:10","modified_gmt":"2013-07-16T15:51:10","slug":"individuelle-stadtspaziergange-jenny-schon","status":"publish","type":"page","link":"https:\/\/kulturinsz.de\/cms\/menschen\/stadtfuhrerinnen\/individuelle-stadtspaziergange-jenny-schon\/","title":{"rendered":"Individuelle Stadtspazierg\u00e4nge Jenny Schon"},"content":{"rendered":"<p style=\"text-align: left;\" align=\"center\">Die F\u00fchrungen dauern ca. 2 Stunden und kosten 10 Euro<\/p>\n<p style=\"text-align: left;\" align=\"center\"><span style=\"text-decoration: underline;\">Nur mit Anmeldung bis sp\u00e4testens zwei Stunden vor\u00a0 der F\u00fchrung!<br \/>\nTelefon 030\/892 13 38<\/span><\/p>\n<p>&nbsp;<\/p>\n<p style=\"text-align: left;\" align=\"center\"><span style=\"text-decoration: underline;\">Alle F\u00fchrungen sind auch zu anderen Terminen m\u00f6glich. Ich stelle auch F\u00fchrungen nach Ihren W\u00fcnschen zusammen, z.B. f\u00fcr Betriebs- und Familienfeiern<\/span><\/p>\n<p style=\"text-align: left;\" align=\"center\">Die etwas andere <span style=\"text-decoration: underline;\">Geschenk-Idee:<\/span><\/p>\n<p style=\"text-align: left;\" align=\"center\">Ein Stadtspaziergang oder eine <span style=\"text-decoration: underline;\">Begleitung<\/span> zu kulturellen Veranstaltungen<\/p>\n<p style=\"text-align: left;\" align=\"center\">Telefon: 030\/892 13 38 \u2013 jennyschon@arcor.de<\/p>\n<p style=\"text-align: left;\" align=\"center\"><span style=\"text-decoration: underline;\">\u00a0<\/span><\/p>\n","protected":false},"excerpt":{"rendered":"<p>Die F\u00fchrungen dauern ca. 2 Stunden und kosten 10 Euro Nur mit Anmeldung bis sp\u00e4testens zwei Stunden vor\u00a0 der F\u00fchrung! Telefon 030\/892 13 38 &nbsp; Alle F\u00fchrungen sind auch zu anderen Terminen m\u00f6glich. Ich stelle auch F\u00fchrungen nach Ihren W\u00fcnschen &hellip; <a href=\"https:\/\/kulturinsz.de\/cms\/menschen\/stadtfuhrerinnen\/individuelle-stadtspaziergange-jenny-schon\/\">Weiterlesen <span class=\"meta-nav\">&rarr;<\/span><\/a><\/p>\n","protected":false},"author":3,"featured_media":0,"parent":134,"menu_order":0,"comment_status":"open","ping_status":"open","template":"seite-mit-blog-aktuelles.php","meta":[],"_links":{"self":[{"href":"https:\/\/kulturinsz.de\/cms\/wp-json\/wp\/v2\/pages\/2218"}],"collection":[{"href":"https:\/\/kulturinsz.de\/cms\/wp-json\/wp\/v2\/pages"}],"about":[{"href":"https:\/\/kulturinsz.de\/cms\/wp-json\/wp\/v2\/types\/page"}],"author":[{"embeddable":true,"href":"https:\/\/kulturinsz.de\/cms\/wp-json\/wp\/v2\/users\/3"}],"replies":[{"embeddable":true,"href":"https:\/\/kulturinsz.de\/cms\/wp-json\/wp\/v2\/comments?post=2218"}],"version-history":[{"count":4,"href":"https:\/\/kulturinsz.de\/cms\/wp-json\/wp\/v2\/pages\/2218\/revisions"}],"predecessor-version":[{"id":2221,"href":"https:\/\/kulturinsz.de\/cms\/wp-json\/wp\/v2\/pages\/2218\/revisions\/2221"}],"up":[{"embeddable":true,"href":"https:\/\/kulturinsz.de\/cms\/wp-json\/wp\/v2\/pages\/134"}],"wp:attachment":[{"href":"https:\/\/kulturinsz.de\/cms\/wp-json\/wp\/v2\/media?parent=2218"}],"curies":[{"name":"wp","href":"https:\/\/api.w.org\/{rel}","templated":true}]}}