{"id":2417,"date":"2013-07-17T15:32:58","date_gmt":"2013-07-17T13:32:58","guid":{"rendered":"http:\/\/kulturinsz.de\/cms\/?page_id=2417"},"modified":"2013-07-17T15:39:16","modified_gmt":"2013-07-17T13:39:16","slug":"literarisches-colloquium-berlin-lcb","status":"publish","type":"page","link":"https:\/\/kulturinsz.de\/cms\/orte\/literarisches-colloquium-berlin-lcb\/","title":{"rendered":"Literarisches Colloquium Berlin (LCB)"},"content":{"rendered":"<p>| <a title=\"Literarisches Colloquium Berlin (LCB)\" href=\"http:\/\/kulturinsz.de\/cms\/orte\/literarisches-colloquium-berlin-lcb\/\">Info<\/a> | <a title=\"Literarisches Colloquium Berlin (LCB)\" href=\"http:\/\/kulturinsz.de\/cms\/locations\/literarisches-colloquium-berlin-lcb\/\">Veranstaltungen<\/a> | <a title=\"Literarisches Colloquium Berlin (LCB)\" href=\"http:\/\/kulturinsz.de\/cms\/locations\/literarisches-colloquium-berlin-lcb\/\">Anfahrt<\/a> | <a title=\"Literarisches Colloquium Berlin (LCB)\" href=\"http:\/\/kulturinsz.de\/cms\/orte\/literarisches-colloquium-berlin-lcb\/\">Kommentare<\/a> |<\/p>\n<p>Das <b>Literarische Colloquium Berlin<\/b> (<b>LCB<\/b>) wurde am 16. Mai 1963 von Walter H\u00f6llerer gegr\u00fcndet. Um der kulturellen Ver\u00f6dung West-Berlins nach dem Mauerbau vorzubeugen, schuf man dieses Forum f\u00fcr alle mit der Literatur zusammenh\u00e4ngenden Berufsgruppen. Die ersten Veranstaltungen fanden 1963 bis 1964 in Berlin-Charlottenburg statt, bevor die Villa am Sandwerder am Gro\u00dfen Wannsee bezogen wurde. Heute versteht es sich als moderner zielgruppenorientierter Dienstleister im Bereich Literatur. Es gilt international als Ansprechpartner f\u00fcr Fragen rund um die Literatur.<\/p>\n<p>(Quelle: <a href=\"http:\/\/de.wikipedia.org\/wiki\/Literarisches_Colloquium_Berlin\" target=\"_blank\">Wikipedia<\/a>)<\/p>\n<p>N\u00e4heres:<\/p>\n<p><a href=\"http:\/\/www.lcb.de\" target=\"_blank\">www.lcb.de<\/a><\/p>\n","protected":false},"excerpt":{"rendered":"<p>| Info | Veranstaltungen | Anfahrt | Kommentare | Das Literarische Colloquium Berlin (LCB) wurde am 16. Mai 1963 von Walter H\u00f6llerer gegr\u00fcndet. Um der kulturellen Ver\u00f6dung West-Berlins nach dem Mauerbau vorzubeugen, schuf man dieses Forum f\u00fcr alle mit der &hellip; <a href=\"https:\/\/kulturinsz.de\/cms\/orte\/literarisches-colloquium-berlin-lcb\/\">Weiterlesen <span class=\"meta-nav\">&rarr;<\/span><\/a><\/p>\n","protected":false},"author":3,"featured_media":0,"parent":15,"menu_order":0,"comment_status":"open","ping_status":"open","template":"seite-mit-blog-aktuelles.php","meta":[],"_links":{"self":[{"href":"https:\/\/kulturinsz.de\/cms\/wp-json\/wp\/v2\/pages\/2417"}],"collection":[{"href":"https:\/\/kulturinsz.de\/cms\/wp-json\/wp\/v2\/pages"}],"about":[{"href":"https:\/\/kulturinsz.de\/cms\/wp-json\/wp\/v2\/types\/page"}],"author":[{"embeddable":true,"href":"https:\/\/kulturinsz.de\/cms\/wp-json\/wp\/v2\/users\/3"}],"replies":[{"embeddable":true,"href":"https:\/\/kulturinsz.de\/cms\/wp-json\/wp\/v2\/comments?post=2417"}],"version-history":[{"count":6,"href":"https:\/\/kulturinsz.de\/cms\/wp-json\/wp\/v2\/pages\/2417\/revisions"}],"predecessor-version":[{"id":2422,"href":"https:\/\/kulturinsz.de\/cms\/wp-json\/wp\/v2\/pages\/2417\/revisions\/2422"}],"up":[{"embeddable":true,"href":"https:\/\/kulturinsz.de\/cms\/wp-json\/wp\/v2\/pages\/15"}],"wp:attachment":[{"href":"https:\/\/kulturinsz.de\/cms\/wp-json\/wp\/v2\/media?parent=2417"}],"curies":[{"name":"wp","href":"https:\/\/api.w.org\/{rel}","templated":true}]}}