{"id":2711,"date":"2013-08-03T18:18:23","date_gmt":"2013-08-03T16:18:23","guid":{"rendered":"http:\/\/kulturinsz.de\/cms\/?page_id=2711"},"modified":"2013-08-03T18:35:39","modified_gmt":"2013-08-03T16:35:39","slug":"museumsdorf-duppel","status":"publish","type":"page","link":"https:\/\/kulturinsz.de\/cms\/orte\/museen\/museumsdorf-duppel\/","title":{"rendered":"Museumsdorf D\u00fcppel"},"content":{"rendered":"<p>| <a href=\"http:\/\/kulturinsz.de\/cms\/orte\/museen\/museumsdorf-duppel\/\">Info<\/a> | <a href=\"http:\/\/kulturinsz.de\/cms\/locations\/museumsdorf-duppel\/\">Veranstaltungen<\/a> | <a href=\"http:\/\/kulturinsz.de\/cms\/locations\/museumsdorf-duppel\/\" target=\"_blank\">Anfahrt<\/a> | <a href=\"http:\/\/kulturinsz.de\/cms\/orte\/museen\/museumsdorf-duppel\/\">Kommentare<\/a> |<\/p>\n<p>Das Museumdorf D\u00fcppel l\u00e4sst auf 8 Hektar Fl\u00e4che ein mittelalterliches Dorf von vor ca. 800 Jahren lebendig werden.<\/p>\n<p>Sonn- und feiertags von 10.00 bis 17.00 Uhr, letzter Einlass 16.00 Uhr,<br \/>\nDonnerstags von\u00a0\u00a0\u00a0 \u00a0 \u00a0 \u00a0 \u00a0 15.00 bis 19.00 Uhr, letzter Einlass 18.00 Uhr<\/p>\n<p><b>Eintrittspreise<br \/>\n<\/b><\/p>\n<p>Erwachsene: \u00a0\u00a0\u00a0\u00a0\u00a0\u00a0\u00a0\u00a0\u00a0\u00a0\u00a0 2,00 Euro<br \/>\nErm\u00e4\u00dfigt: \u00a0\u00a0\u00a0\u00a0\u00a0\u00a0\u00a0\u00a0\u00a0\u00a0\u00a0\u00a0\u00a0\u00a0\u00a0\u00a0 1,00 Euro<br \/>\nEintritt f\u00fcr Kinder und Jugendliche bis 18 Jahre frei<\/p>\n<p><a href=\"http:\/\/www.dueppel.de\/\" target=\"_blank\">www.dueppel.de\/<\/a><\/p>\n","protected":false},"excerpt":{"rendered":"<p>| Info | Veranstaltungen | Anfahrt | Kommentare | Das Museumdorf D\u00fcppel l\u00e4sst auf 8 Hektar Fl\u00e4che ein mittelalterliches Dorf von vor ca. 800 Jahren lebendig werden. Sonn- und feiertags von 10.00 bis 17.00 Uhr, letzter Einlass 16.00 Uhr, Donnerstags &hellip; <a href=\"https:\/\/kulturinsz.de\/cms\/orte\/museen\/museumsdorf-duppel\/\">Weiterlesen <span class=\"meta-nav\">&rarr;<\/span><\/a><\/p>\n","protected":false},"author":3,"featured_media":0,"parent":91,"menu_order":0,"comment_status":"open","ping_status":"open","template":"seite-mit-blog-aktuelles.php","meta":[],"_links":{"self":[{"href":"https:\/\/kulturinsz.de\/cms\/wp-json\/wp\/v2\/pages\/2711"}],"collection":[{"href":"https:\/\/kulturinsz.de\/cms\/wp-json\/wp\/v2\/pages"}],"about":[{"href":"https:\/\/kulturinsz.de\/cms\/wp-json\/wp\/v2\/types\/page"}],"author":[{"embeddable":true,"href":"https:\/\/kulturinsz.de\/cms\/wp-json\/wp\/v2\/users\/3"}],"replies":[{"embeddable":true,"href":"https:\/\/kulturinsz.de\/cms\/wp-json\/wp\/v2\/comments?post=2711"}],"version-history":[{"count":5,"href":"https:\/\/kulturinsz.de\/cms\/wp-json\/wp\/v2\/pages\/2711\/revisions"}],"predecessor-version":[{"id":2718,"href":"https:\/\/kulturinsz.de\/cms\/wp-json\/wp\/v2\/pages\/2711\/revisions\/2718"}],"up":[{"embeddable":true,"href":"https:\/\/kulturinsz.de\/cms\/wp-json\/wp\/v2\/pages\/91"}],"wp:attachment":[{"href":"https:\/\/kulturinsz.de\/cms\/wp-json\/wp\/v2\/media?parent=2711"}],"curies":[{"name":"wp","href":"https:\/\/api.w.org\/{rel}","templated":true}]}}