{"id":2799,"date":"2013-08-08T00:43:04","date_gmt":"2013-08-07T22:43:04","guid":{"rendered":"http:\/\/kulturinsz.de\/cms\/?page_id=2799"},"modified":"2013-08-10T16:47:36","modified_gmt":"2013-08-10T14:47:36","slug":"morgenstern","status":"publish","type":"page","link":"https:\/\/kulturinsz.de\/cms\/orte\/buchhandlungen\/morgenstern\/","title":{"rendered":"Morgenstern &#8211; Antiquariat und Caf\u00e9"},"content":{"rendered":"<p>| <a href=\"http:\/\/kulturinsz.de\/cms\/orte\/buchhandlungen\/morgenstern\/\">Info<\/a> | <a href=\"http:\/\/kulturinsz.de\/cms\/locations\/morgenstern-antiquariat-und-cafe\/\">Veranstaltungen<\/a> | <a href=\"http:\/\/kulturinsz.de\/cms\/locations\/morgenstern-antiquariat-und-cafe\/\">Anfahrt<\/a> | <a href=\"http:\/\/kulturinsz.de\/cms\/orte\/buchhandlungen\/morgenstern\/\">Kommentare<\/a> |<\/p>\n<p><img loading=\"lazy\" class=\"alignleft\" alt=\"\" src=\"http:\/\/morgensternberlin.files.wordpress.com\/2012\/09\/m8_600_900.jpg?w=611\" width=\"301\" height=\"451\" \/>Das Ende 2011 er\u00f6ffnete \u201eMorgenstern \u2013 Antiquariat und Caf\u00e9\u201c befindet sich unweit der Schlo\u00dfstra\u00dfe, nur wenige Gehminuten vom S- und U-Bahnhof Rathaus Steglitz entfernt. Wie der Name bereits verr\u00e4t, vereint das \u201eMorgenstern\u201c Antiquariat und Caf\u00e9 und schafft damit einen Ort zum Verweilen.<\/p>\n<p>Das breite Angebot an antiquarischen B\u00fcchern verschiedener Genres l\u00e4dt zum St\u00f6bern ein &#8211; das Caf\u00e9 bietet neben Kaffee und weiteren Getr\u00e4nken auch kleine Speisen. Durch seine N\u00e4he zur Freien Universit\u00e4t und dem breiten Angebot an Fachliteratur ist das \u201eMorgenstern\u201c ein beliebter Anlaufpunkt auch f\u00fcr Studierende. Dar\u00fcber hinaus finden sich in den Regalen aber ebenso Krimis, Kochb\u00fccher, Reisef\u00fchrer und B\u00fccher vieler weiterer Themengebiete.<\/p>\n<p>Ob Student oder Rentner: Im \u201eMorgenstern\u201c findet Jede und Jeder die passende Literatur. Der Lesefreude sind also keine Grenzen gesetzt!<\/p>\n<p>Und wer auf der Suche nach einem bestimmten Buch ist, dem steht das Fachpersonal gerne beim Suchen und Finden zur Seite.<\/p>\n<p>Auch die Kultur ist im \u201eMorgenstern\u201c zu Hause. Ab und an finden Ausstellungen und andere kulturelle Veranstaltungen statt. Als Teil des Integrationsbetriebes SinneWerk gGmbH arbeiten Menschen mit und ohne Behinderung gleichberechtigt zusammen.<\/p>\n<p>Mehr Infos unter <a href=\"http:\/\/www.morgenstern-berlin.de\" target=\"_blank\">www.morgenstern-berlin.de<\/a><\/p>\n<p>Sch\u00fctzenstra\u00dfe 54<br \/>\n12165 Berlin\/Steglitz<\/p>\n<p>(Ecke Albrechtstra\u00dfe, S-Bhf Rathaus Steglitz)<\/p>\n<p>Tel.: 030 \u2013 899 440 11<\/p>\n","protected":false},"excerpt":{"rendered":"<p>| Info | Veranstaltungen | Anfahrt | Kommentare | Das Ende 2011 er\u00f6ffnete \u201eMorgenstern \u2013 Antiquariat und Caf\u00e9\u201c befindet sich unweit der Schlo\u00dfstra\u00dfe, nur wenige Gehminuten vom S- und U-Bahnhof Rathaus Steglitz entfernt. Wie der Name bereits verr\u00e4t, vereint das &hellip; <a href=\"https:\/\/kulturinsz.de\/cms\/orte\/buchhandlungen\/morgenstern\/\">Weiterlesen <span class=\"meta-nav\">&rarr;<\/span><\/a><\/p>\n","protected":false},"author":3,"featured_media":0,"parent":528,"menu_order":0,"comment_status":"closed","ping_status":"open","template":"seite-mit-blog-aktuelles.php","meta":[],"_links":{"self":[{"href":"https:\/\/kulturinsz.de\/cms\/wp-json\/wp\/v2\/pages\/2799"}],"collection":[{"href":"https:\/\/kulturinsz.de\/cms\/wp-json\/wp\/v2\/pages"}],"about":[{"href":"https:\/\/kulturinsz.de\/cms\/wp-json\/wp\/v2\/types\/page"}],"author":[{"embeddable":true,"href":"https:\/\/kulturinsz.de\/cms\/wp-json\/wp\/v2\/users\/3"}],"replies":[{"embeddable":true,"href":"https:\/\/kulturinsz.de\/cms\/wp-json\/wp\/v2\/comments?post=2799"}],"version-history":[{"count":10,"href":"https:\/\/kulturinsz.de\/cms\/wp-json\/wp\/v2\/pages\/2799\/revisions"}],"predecessor-version":[{"id":2802,"href":"https:\/\/kulturinsz.de\/cms\/wp-json\/wp\/v2\/pages\/2799\/revisions\/2802"}],"up":[{"embeddable":true,"href":"https:\/\/kulturinsz.de\/cms\/wp-json\/wp\/v2\/pages\/528"}],"wp:attachment":[{"href":"https:\/\/kulturinsz.de\/cms\/wp-json\/wp\/v2\/media?parent=2799"}],"curies":[{"name":"wp","href":"https:\/\/api.w.org\/{rel}","templated":true}]}}