{"id":36,"date":"2013-04-30T12:29:49","date_gmt":"2013-04-30T12:29:49","guid":{"rendered":"http:\/\/kulturinsz.de\/cms\/?page_id=36"},"modified":"2023-09-20T21:58:49","modified_gmt":"2023-09-20T19:58:49","slug":"impressum","status":"publish","type":"page","link":"https:\/\/kulturinsz.de\/cms\/impressum\/","title":{"rendered":"Impressum"},"content":{"rendered":"<p>Verantwortlich im Sinne \u00a75f. Telemediengesetz f\u00fcr KulturInSZ.de :<\/p>\n<p><a href=\"https:\/\/kulturinsz.de\/cms\/wp-content\/uploads\/2013\/04\/carsten.jpg\"><img loading=\"lazy\" class=\"size-full wp-image-1761 alignleft\" src=\"https:\/\/kulturinsz.de\/cms\/wp-content\/uploads\/2013\/04\/carsten.jpg\" alt=\"carsten\" width=\"129\" height=\"137\" \/><\/a>Carsten Berger<br \/>\nBeuckestr. 14<br \/>\n14163 Berlin<\/p>\n<p>Tel.: 030 \/ 80 49 99 29<br \/>\nE-Mail: info@KulturInSZ.de oder unter <a title=\"Kontakt\" href=\"https:\/\/kulturinsz.de\/cms\/kontakt\/\">Kontakt<\/a><\/p>\n<p><a href=\"https:\/\/linktr.ee\/carstenberger\" target=\"_blank\" rel=\"noopener\">https:\/\/linktr.ee\/carstenberger<\/a><\/p>\n<p>Facebook: <a href=\"http:\/\/www.facebook.com\/carsten.berger.77\">www.facebook.com\/carsten.berger.77<br \/>\n<\/a>LinkedIn:\u00a0<a href=\"https:\/\/www.linkedin.com\/in\/carsten-berger-630b407b\/\" target=\"_blank\" rel=\"noopener\">www.linkedin.com\/in\/carsten-berger-630b407b\/<br \/>\n<\/a>Xing:\u00a0<a href=\"https:\/\/www.xing.com\/profile\/Carsten_Berger4\/\" target=\"_blank\" rel=\"noopener\">www.xing.com\/profile\/Carsten_Berger4\/<\/a><br \/>\nskype: carsten_berger<\/p>\n<p><em>Selbstauskunft \/ Self-Disclosure:<\/em><br \/>\nCarsten Berger ist kulturpolitischer Sprecher und Gesch\u00e4ftsf\u00fchrer der <a href=\"http:\/\/gruene-suedwest.de\/bezirksfraktion\/\">Fraktion B\u00fcndnis 90\/ Die Gr\u00fcnen<\/a> in der Bezirksverordnetenversammlung\u00a0Steglitz-Zehlendorf. Dieser Webauftritt ist jedoch privat und soll der allgemeinen Information und Vernetzung der kulturell Interessierten dienen und ist ausdr\u00fccklich kein Teil der \u00d6ffentlichkeitsarbeit von B\u00fcndnis 90\/ Die Gr\u00fcnen.<\/p>\n<p><em>Urheberrecht:<\/em><br \/>\nDas Urheberrecht der ver\u00f6ffentlichten Texte verbleibt beim jeweils angegebenen Autor.<\/p>\n<p><em>Haftungshinweis:<\/em><br \/>\nTrotz sorgf\u00e4ltiger inhaltlicher Kontrolle \u00fcbernehmen wir keine Haftung f\u00fcr die Inhalte externer Links. F\u00fcr den Inhalt der verlinkten Seiten sind ausschlie\u00dflich deren Betreiber verantwortlich.<br \/>\nEs besteht trotz gr\u00f6\u00dftm\u00f6glicher Sorgfalt keine Gew\u00e4hr f\u00fcr die Richtigkeit aller Angaben. Bei Fehlangaben, Verschiebung oder Ausfall von Veranstaltungen kann keine Haftung f\u00fcr entstehende Kosten \u00fcbernommen werden, es bietet sich daher an, Terminangaben beim jeweiligen Veranstalter nachzufragen.<\/p>\n<p><em>Datenschutz:<\/em><\/p>\n<p><em>Cookies:<br \/>\n<\/em>KuturInSZ.de verwendet Dienste von <a href=\"http:\/\/www.google.com\/analytics\/\" target=\"_blank\" rel=\"noopener\">Google\u00a0Analytics<\/a> zur Benutzerz\u00e4hlung.\u00a0Anbieter ist die Google Inc., 1600 Amphitheatre Parkway Mountain View, CA 94043, USA. W\u00fcnschen Sie nicht,\u00a0dass Google Werte (&#8220;Cookies&#8221;) auf Ihrem Rechner speichert, l\u00f6schen und deaktivieren Sie bitte die Cookies in Ihrem Browser.<\/p>\n<p><em>Server-Log- Files:<\/em><br \/>\nDer Provider der Seiten erhebt und speichert automatisch Informationen in so genannten Server-Log Files, die Ihr Browser automatisch an uns \u00fcbermittelt. Dies sind:<\/p>\n<ul>\n<li>Browsertyp und Browserversion<\/li>\n<li>verwendetes Betriebssystem<\/li>\n<li>Referrer URL<\/li>\n<li>Hostname des zugreifenden Rechners<\/li>\n<li>Uhrzeit der Serveranfrage<\/li>\n<\/ul>\n<p>Diese Daten sind nicht bestimmten Personen zuordenbar. Eine Zusammenf\u00fchrung dieser Daten mit anderen Datenquellen wird nicht vorgenommen. Wir behalten uns vor, diese Daten nachtr\u00e4glich zu pr\u00fcfen, wenn uns konkrete Anhaltspunkte f\u00fcr eine rechtswidrige Nutzung bekannt werden.<\/p>\n<p><em>Auskunft, L\u00f6schung, Sperrung personenbezogener Daten:<br \/>\n<\/em>Wir verarbeiten Ihre Daten ausschlie\u00dflich im Einklang mit der Datenschutzverordnung (DSGVO) der Europ\u00e4ischen Union und dem Bundesdatenschutzgesetz (BDSG) und geben diese nicht ohne Einwilligung an Dritte weiter.<em>\u00a0<\/em>Auf Ihren Wunsch hin geben wir Ihnen selbstverst\u00e4ndlich unentgeltlich Auskunft \u00fcber Ihre gespeicherten personenbezogenen Daten, deren Herkunft und Empf\u00e4nger und den Zweck der Datenverarbeitung. Selbverst\u00e4ndlich haben Sie auch ein Recht auf Berichtigung, Sperrung oder L\u00f6schung dieser Daten.\u00a0Sie k\u00f6nnen sich dazu jederzeit \u00fcber unser <a href=\"http:\/\/kulturinsz.de\/cms\/kontakt\/\" target=\"_blank\" rel=\"noopener\">Kontaktformular<\/a> an uns wenden.<br \/>\nEs besteht\u00a0ein Beschwerderecht bei einer Datenschutzaufsichtsbeh\u00f6rde (Art. 77 DSGVO i.V.m. \u00a719 BDSG).<\/p>\n<p><em>Kommentare und Beitr\u00e4ge:<br \/>\n<\/em>Hinterlassene\u00a0Kommentare im Blog oder sonstige Beitr\u00e4ge werden mit IP-Adresse gespeichert. Strafrechtlich relevante, verbotene Inhalte k\u00f6nnen und werden strafrechtlich unter Angabe der IP-Adresse verfolgt.<\/p>\n<p><em>Newsletterdaten:<\/em><br \/>\nZum Bezug\u00a0des auf der Website angebotenen Newsletters verarbeiten\u00a0wir die\u00a0E-Mail-Adressen sowie weitere Informationen, die\u00a0uns die \u00dcberpr\u00fcfung der Rechtm\u00e4\u00dfigkeit \u00a0der Newsletterzustellung gestatten. Weitere Daten werden nicht erhoben. Diese Daten verwenden wir ausschlie\u00dflich f\u00fcr den Versand der angeforderten Informationen und geben sie nicht an Dritte weiter. \u00a0Die Einwilligung zur Speicherung der Daten, der E-Mail-Adresse sowie deren Nutzung zum Versand des Newsletters k\u00f6nnen jederzeit widerrufen werden,\u00a0z.B. mit einer formlosen Mail an info@KulturInSZ.de oder \u00fcber das <a href=\"http:\/\/kulturinsz.de\/cms\/kontakt\/\" target=\"_blank\" rel=\"noopener\">Kontaktformular<\/a>.<\/p>\n<p><em>Datenschutzbeauftragter:<br \/>\n<\/em>Carsten Berger (s.oben) info@KulturInSZ.de<\/p>\n<p><em>Danksagung:<\/em><br \/>\nKulturInSZ.de verwendet <a href=\"http:\/\/www.wordpress.org\" target=\"_blank\" rel=\"noopener\">WordPress<\/a>. Wir danken den Entwicklern und der Community dieses Open-Source Content Managements!<\/p>\n<hr \/>\n<blockquote>\n<p style=\"text-align: center;\">&#8220;Kultur ist kein Ornament. Sie ist das Fundament,<br \/>\nauf dem unsere Gesellschaft steht und auf das sie baut.&#8221;<\/p>\n<\/blockquote>\n<p style=\"text-align: center;\">Enquete-Kommission \u201eKultur in Deutschland\u201c des Deutschen Bundestages, 11. 12. 2007<\/p>\n<hr \/>\n","protected":false},"excerpt":{"rendered":"<p>Verantwortlich im Sinne \u00a75f. Telemediengesetz f\u00fcr KulturInSZ.de : Carsten Berger Beuckestr. 14 14163 Berlin Tel.: 030 \/ 80 49 99 29 E-Mail: info@KulturInSZ.de oder unter Kontakt https:\/\/linktr.ee\/carstenberger Facebook: www.facebook.com\/carsten.berger.77 LinkedIn:\u00a0www.linkedin.com\/in\/carsten-berger-630b407b\/ Xing:\u00a0www.xing.com\/profile\/Carsten_Berger4\/ skype: carsten_berger Selbstauskunft \/ Self-Disclosure: Carsten Berger ist kulturpolitischer &hellip; <a href=\"https:\/\/kulturinsz.de\/cms\/impressum\/\">Weiterlesen <span class=\"meta-nav\">&rarr;<\/span><\/a><\/p>\n","protected":false},"author":3,"featured_media":0,"parent":0,"menu_order":0,"comment_status":"closed","ping_status":"closed","template":"","meta":[],"_links":{"self":[{"href":"https:\/\/kulturinsz.de\/cms\/wp-json\/wp\/v2\/pages\/36"}],"collection":[{"href":"https:\/\/kulturinsz.de\/cms\/wp-json\/wp\/v2\/pages"}],"about":[{"href":"https:\/\/kulturinsz.de\/cms\/wp-json\/wp\/v2\/types\/page"}],"author":[{"embeddable":true,"href":"https:\/\/kulturinsz.de\/cms\/wp-json\/wp\/v2\/users\/3"}],"replies":[{"embeddable":true,"href":"https:\/\/kulturinsz.de\/cms\/wp-json\/wp\/v2\/comments?post=36"}],"version-history":[{"count":63,"href":"https:\/\/kulturinsz.de\/cms\/wp-json\/wp\/v2\/pages\/36\/revisions"}],"predecessor-version":[{"id":12073,"href":"https:\/\/kulturinsz.de\/cms\/wp-json\/wp\/v2\/pages\/36\/revisions\/12073"}],"wp:attachment":[{"href":"https:\/\/kulturinsz.de\/cms\/wp-json\/wp\/v2\/media?parent=36"}],"curies":[{"name":"wp","href":"https:\/\/api.w.org\/{rel}","templated":true}]}}