{"id":3907,"date":"2014-01-20T13:05:32","date_gmt":"2014-01-20T12:05:32","guid":{"rendered":"http:\/\/kulturinsz.de\/cms\/?page_id=3907"},"modified":"2014-01-20T13:08:22","modified_gmt":"2014-01-20T12:08:22","slug":"haus-der-wannseekonferenz","status":"publish","type":"page","link":"https:\/\/kulturinsz.de\/cms\/orte\/denkmaeler\/haus-der-wannseekonferenz\/","title":{"rendered":"Haus der Wannseekonferenz"},"content":{"rendered":"<p>|<a href=\"http:\/\/kulturinsz.de\/cms\/orte\/denkmaeler\/haus-der-wannseekonferenz\/\"> Info<\/a> | <a href=\"http:\/\/kulturinsz.de\/cms\/locations\/haus-der-wannseekonferenz-2\/\">Veranstaltungen<\/a> | <a href=\"http:\/\/kulturinsz.de\/cms\/locations\/haus-der-wannseekonferenz-2\/\">Anfahrt<\/a> |<a href=\"http:\/\/kulturinsz.de\/cms\/orte\/denkmaeler\/haus-der-wannseekonferenz\/\"> Kommentare<\/a> |<\/p>\n<p style=\"text-align: center;\"><a href=\"http:\/\/upload.wikimedia.org\/wikipedia\/commons\/e\/ea\/Berlin_Wannseevilla.jpg\"><img loading=\"lazy\" class=\"aligncenter\" alt=\"\" src=\"http:\/\/upload.wikimedia.org\/wikipedia\/commons\/e\/ea\/Berlin_Wannseevilla.jpg\" width=\"497\" height=\"339\" \/><\/a><\/p>\n<p>Auf der erst sp\u00e4ter so genannten &#8220;Wannseekonferenz&#8221; am 20. Januar 1942 kamen hier 15 Spitzenbeamte des Nationalsozialismus zusammen, um die weitere Deportation und Vernichtung der j\u00fcdischen Bev\u00f6lkerungsanteile detailiert zu organisieren. Unter der Leitung des SS-Obergruppenf \u00fchrers Reinhard Heydrich, den G\u00f6ring im Juli 1941 mit der sogenannten &#8220;Endl\u00f6sung der Judenfrage&#8221; betraut hatte, trafen sich hier Staatssekret\u00e4re aus verschiedenen Reichsministerien und dem Generalgouvernement, ein Ministerialdirektor der Reichskanzlei sowie leitende Beamte der Sicherheitspolizei (SiPo), des Sicherheitsdienstes (SD) und der Parteikanzlei. Protokollant und Ersteller der Redevorlagen f\u00fcr Heydrich war der SS-Obersturmbannf\u00fchrer Adolf Eichmann, Heydrichs Referent f\u00fcr \u201eJudenangelegenheiten\u201c, der sp\u00e4ter im Rahmen seines Prozesses auch zu dieser Konferenz verh\u00f6rt wurde.<\/p>\n<p><a href=\"http:\/\/upload.wikimedia.org\/wikipedia\/commons\/thumb\/5\/53\/Wannsee_Conference_-_Letter_from_Reinhard_Heydrich_to_Martin_Luther_%28Invitation%29.JPG\/458px-Wannsee_Conference_-_Letter_from_Reinhard_Heydrich_to_Martin_Luther_%28Invitation%29.JPG\"><img loading=\"lazy\" class=\"alignleft\" alt=\"\" src=\"http:\/\/upload.wikimedia.org\/wikipedia\/commons\/thumb\/5\/53\/Wannsee_Conference_-_Letter_from_Reinhard_Heydrich_to_Martin_Luther_%28Invitation%29.JPG\/458px-Wannsee_Conference_-_Letter_from_Reinhard_Heydrich_to_Martin_Luther_%28Invitation%29.JPG\" width=\"289\" height=\"377\" \/><\/a>Nachdem durch einzelne Schwadrone bereits etwa 900.000 Juden aus Deutschland, Russland, Polen und besetzten Gebieten umgebracht worden waren, sollte dieses bei einem geheimen Treffen systematisiert werden. Die Wahl des Ortes fiel auf ein Geb\u00e4ude der Sicherheitspolizei (SiPo) am Wannsee, was der Konferenz ihren sp\u00e4teren Namen gab. Sie war urspr\u00fcnglich schon f\u00fcr den 9. Dezember 1941 geplant, wurde aber wegen anderer wichtiger Termine des Reichstages in der Folge des Angriffes der Japaner auf Pearl Harbour am 7. Dezember 1941 in den Januar 1942 verschoben.<\/p>\n<p>Auf der Konferenz selbst wurden vor allem Zahlen zu j\u00fcdischen Bev\u00f6lkerunganteilen in den einzelnen europ\u00e4ischen L\u00e4ndern vorgelegt, diese in Gruppen eingeteilt, <a href=\"http:\/\/upload.wikimedia.org\/wikipedia\/commons\/thumb\/5\/5c\/WannseeList.jpg\/407px-WannseeList.jpg\"><img loading=\"lazy\" class=\"alignright\" alt=\"\" src=\"http:\/\/upload.wikimedia.org\/wikipedia\/commons\/thumb\/5\/5c\/WannseeList.jpg\/407px-WannseeList.jpg\" width=\"317\" height=\"466\" \/><\/a>Zust\u00e4ndigkeitsfragen gekl\u00e4rt und der r\u00e4umliche und zeitliche Ablauf der Ma\u00dfnahmen festgelegt. Der zweite Teil der etwa anderthalbst\u00fcndigen Sitzung diente der Kl\u00e4rung des Umgangs mit &#8220;Mischehen&#8221;, d.h. Ehen zwischen j\u00fcdischen und nicht-j\u00fcdischen Partnern, was teilweise jedoch auf sp\u00e4tere Konferenzen verschoben wurde. Diese Folgekonferenzen fanden am 6. M\u00e4rz 1942 und 27. Oktober 1942 statt.<\/p>\n<p>Die heutige Gedenkst\u00e4tte findet sich auch im Internet:<\/p>\n<p><em><cite><a href=\"http:\/\/www.ghwk.de\" target=\"_blank\">www.ghwk.de<\/a><br \/>\n<\/cite><\/em><\/p>\n<p>&nbsp;<\/p>\n<p>&nbsp;<\/p>\n<p>&nbsp;<\/p>\n","protected":false},"excerpt":{"rendered":"<p>| Info | Veranstaltungen | Anfahrt | Kommentare | Auf der erst sp\u00e4ter so genannten &#8220;Wannseekonferenz&#8221; am 20. Januar 1942 kamen hier 15 Spitzenbeamte des Nationalsozialismus zusammen, um die weitere Deportation und Vernichtung der j\u00fcdischen Bev\u00f6lkerungsanteile detailiert zu organisieren. Unter &hellip; <a href=\"https:\/\/kulturinsz.de\/cms\/orte\/denkmaeler\/haus-der-wannseekonferenz\/\">Weiterlesen <span class=\"meta-nav\">&rarr;<\/span><\/a><\/p>\n","protected":false},"author":3,"featured_media":0,"parent":132,"menu_order":0,"comment_status":"open","ping_status":"open","template":"seite-mit-blog-aktuelles.php","meta":[],"_links":{"self":[{"href":"https:\/\/kulturinsz.de\/cms\/wp-json\/wp\/v2\/pages\/3907"}],"collection":[{"href":"https:\/\/kulturinsz.de\/cms\/wp-json\/wp\/v2\/pages"}],"about":[{"href":"https:\/\/kulturinsz.de\/cms\/wp-json\/wp\/v2\/types\/page"}],"author":[{"embeddable":true,"href":"https:\/\/kulturinsz.de\/cms\/wp-json\/wp\/v2\/users\/3"}],"replies":[{"embeddable":true,"href":"https:\/\/kulturinsz.de\/cms\/wp-json\/wp\/v2\/comments?post=3907"}],"version-history":[{"count":4,"href":"https:\/\/kulturinsz.de\/cms\/wp-json\/wp\/v2\/pages\/3907\/revisions"}],"predecessor-version":[{"id":3910,"href":"https:\/\/kulturinsz.de\/cms\/wp-json\/wp\/v2\/pages\/3907\/revisions\/3910"}],"up":[{"embeddable":true,"href":"https:\/\/kulturinsz.de\/cms\/wp-json\/wp\/v2\/pages\/132"}],"wp:attachment":[{"href":"https:\/\/kulturinsz.de\/cms\/wp-json\/wp\/v2\/media?parent=3907"}],"curies":[{"name":"wp","href":"https:\/\/api.w.org\/{rel}","templated":true}]}}

<p>|<a href="http://kulturinsz.de/cms/orte/denkmaeler/haus-der-wannseekonferenz/"> Info</a> | <a href="http://kulturinsz.de/cms/locations/haus-der-wannseekonferenz-2/">Veranstaltungen</a> | <a href="http://kulturinsz.de/cms/locations/haus-der-wannseekonferenz-2/">Anfahrt</a> |<a href="http://kulturinsz.de/cms/orte/denkmaeler/haus-der-wannseekonferenz/"> Kommentare</a> |</p>
<p style="text-align: center;"><a href="http://upload.wikimedia.org/wikipedia/commons/e/ea/Berlin_Wannseevilla.jpg"><img loading="lazy" class="aligncenter" alt="" src="http://upload.wikimedia.org/wikipedia/commons/e/ea/Berlin_Wannseevilla.jpg" width="497" height="339" /></a></p>
<p>Auf der erst später so genannten &#8220;Wannseekonferenz&#8221; am 20. Januar 1942 kamen hier 15 Spitzenbeamte des Nationalsozialismus zusammen, um die weitere Deportation und Vernichtung der jüdischen Bevölkerungsanteile detailiert zu organisieren. Unter der Leitung des SS-Obergruppenf ührers Reinhard Heydrich, den Göring im Juli 1941 mit der sogenannten &#8220;Endlösung der Judenfrage&#8221; betraut hatte, trafen sich hier Staatssekretäre aus verschiedenen Reichsministerien und dem Generalgouvernement, ein Ministerialdirektor der Reichskanzlei sowie leitende Beamte der Sicherheitspolizei (SiPo), des Sicherheitsdienstes (SD) und der Parteikanzlei. Protokollant und Ersteller der Redevorlagen für Heydrich war der SS-Obersturmbannführer Adolf Eichmann, Heydrichs Referent für „Judenangelegenheiten“, der später im Rahmen seines Prozesses auch zu dieser Konferenz verhört wurde.</p>
<p><a href="http://upload.wikimedia.org/wikipedia/commons/thumb/5/53/Wannsee_Conference_-_Letter_from_Reinhard_Heydrich_to_Martin_Luther_%28Invitation%29.JPG/458px-Wannsee_Conference_-_Letter_from_Reinhard_Heydrich_to_Martin_Luther_%28Invitation%29.JPG"><img loading="lazy" class="alignleft" alt="" src="http://upload.wikimedia.org/wikipedia/commons/thumb/5/53/Wannsee_Conference_-_Letter_from_Reinhard_Heydrich_to_Martin_Luther_%28Invitation%29.JPG/458px-Wannsee_Conference_-_Letter_from_Reinhard_Heydrich_to_Martin_Luther_%28Invitation%29.JPG" width="289" height="377" /></a>Nachdem durch einzelne Schwadrone bereits etwa 900.000 Juden aus Deutschland, Russland, Polen und besetzten Gebieten umgebracht worden waren, sollte dieses bei einem geheimen Treffen systematisiert werden. Die Wahl des Ortes fiel auf ein Gebäude der Sicherheitspolizei (SiPo) am Wannsee, was der Konferenz ihren späteren Namen gab. Sie war ursprünglich schon für den 9. Dezember 1941 geplant, wurde aber wegen anderer wichtiger Termine des Reichstages in der Folge des Angriffes der Japaner auf Pearl Harbour am 7. Dezember 1941 in den Januar 1942 verschoben.</p>
<p>Auf der Konferenz selbst wurden vor allem Zahlen zu jüdischen Bevölkerunganteilen in den einzelnen europäischen Ländern vorgelegt, diese in Gruppen eingeteilt, <a href="http://upload.wikimedia.org/wikipedia/commons/thumb/5/5c/WannseeList.jpg/407px-WannseeList.jpg"><img loading="lazy" class="alignright" alt="" src="http://upload.wikimedia.org/wikipedia/commons/thumb/5/5c/WannseeList.jpg/407px-WannseeList.jpg" width="317" height="466" /></a>Zuständigkeitsfragen geklärt und der räumliche und zeitliche Ablauf der Maßnahmen festgelegt. Der zweite Teil der etwa anderthalbstündigen Sitzung diente der Klärung des Umgangs mit &#8220;Mischehen&#8221;, d.h. Ehen zwischen jüdischen und nicht-jüdischen Partnern, was teilweise jedoch auf spätere Konferenzen verschoben wurde. Diese Folgekonferenzen fanden am 6. März 1942 und 27. Oktober 1942 statt.</p>
<p>Die heutige Gedenkstätte findet sich auch im Internet:</p>
<p><em><cite><a href="http://www.ghwk.de" target="_blank">www.ghwk.de</a><br />
</cite></em></p>
<p>&nbsp;</p>
<p>&nbsp;</p>
<p>&nbsp;</p>

<p>| Info | Veranstaltungen | Anfahrt | Kommentare | Auf der erst später so genannten &#8220;Wannseekonferenz&#8221; am 20. Januar 1942 kamen hier 15 Spitzenbeamte des Nationalsozialismus zusammen, um die weitere Deportation und Vernichtung der jüdischen Bevölkerungsanteile detailiert zu organisieren. Unter &hellip; <a href="https://kulturinsz.de/cms/orte/denkmaeler/haus-der-wannseekonferenz/">Weiterlesen <span class="meta-nav">&rarr;</span></a></p>
