{"id":4282,"date":"2014-03-26T11:30:28","date_gmt":"2014-03-26T10:30:28","guid":{"rendered":"http:\/\/kulturinsz.de\/cms\/?page_id=4282"},"modified":"2014-03-26T11:30:28","modified_gmt":"2014-03-26T10:30:28","slug":"achim-freyer","status":"publish","type":"page","link":"https:\/\/kulturinsz.de\/cms\/menschen\/maler\/achim-freyer\/","title":{"rendered":"Achim Freyer"},"content":{"rendered":"<div style=\"width: 230px\" class=\"wp-caption alignleft\"><a href=\"http:\/\/upload.wikimedia.org\/wikipedia\/commons\/thumb\/7\/76\/Achim_Freyer.jpg\/220px-Achim_Freyer.jpg\"><img loading=\"lazy\" alt=\"\" src=\"http:\/\/upload.wikimedia.org\/wikipedia\/commons\/thumb\/7\/76\/Achim_Freyer.jpg\/220px-Achim_Freyer.jpg\" width=\"220\" height=\"323\" \/><\/a><p class=\"wp-caption-text\">Achim Freyer (Bild: Wikipedia)<\/p><\/div>\n<p>Achim Freyer ist Regisseur, B\u00fchnen- und Kost\u00fcmbildner und nicht zuletzt Maler. Zun\u00e4chst Meistersch\u00fcler von Bertolt Brecht am Berliner Ensemble, siedelte er 1972 nach West-Berlin \u00fcber und begann eine Karriere als Regisseur an deutschen und europ\u00e4ischen Theatern. Als bildender K\u00fcnstler fanden besonders seine Pr\u00e4sentationen auf der documenta 1977 und 1987 Beachtung. Von 1976 bis 2002 war er ordentlicher Professor an der Universit\u00e4t der K\u00fcnste Berlin. In unserem Bezirk liegt das von ihm gestiftete <a title=\"KUNSTHAUS der Achim-Freyer-Stiftung\" href=\"http:\/\/kulturinsz.de\/cms\/orte\/galerien\/kunsthaus-der-achim-freyer-stiftung\/\">KUNSTHAUS<\/a>.<\/p>\n<p>Weitere Informationen:<br \/>\n<a href=\"http:\/\/www.freyer-art.de\/\" target=\"_blank\">www.freyer-art.de<\/a><\/p>\n","protected":false},"excerpt":{"rendered":"<p>Achim Freyer ist Regisseur, B\u00fchnen- und Kost\u00fcmbildner und nicht zuletzt Maler. Zun\u00e4chst Meistersch\u00fcler von Bertolt Brecht am Berliner Ensemble, siedelte er 1972 nach West-Berlin \u00fcber und begann eine Karriere als Regisseur an deutschen und europ\u00e4ischen Theatern. Als bildender K\u00fcnstler fanden &hellip; <a href=\"https:\/\/kulturinsz.de\/cms\/menschen\/maler\/achim-freyer\/\">Weiterlesen <span class=\"meta-nav\">&rarr;<\/span><\/a><\/p>\n","protected":false},"author":3,"featured_media":0,"parent":433,"menu_order":0,"comment_status":"open","ping_status":"open","template":"seite-mit-blog-aktuelles.php","meta":[],"_links":{"self":[{"href":"https:\/\/kulturinsz.de\/cms\/wp-json\/wp\/v2\/pages\/4282"}],"collection":[{"href":"https:\/\/kulturinsz.de\/cms\/wp-json\/wp\/v2\/pages"}],"about":[{"href":"https:\/\/kulturinsz.de\/cms\/wp-json\/wp\/v2\/types\/page"}],"author":[{"embeddable":true,"href":"https:\/\/kulturinsz.de\/cms\/wp-json\/wp\/v2\/users\/3"}],"replies":[{"embeddable":true,"href":"https:\/\/kulturinsz.de\/cms\/wp-json\/wp\/v2\/comments?post=4282"}],"version-history":[{"count":2,"href":"https:\/\/kulturinsz.de\/cms\/wp-json\/wp\/v2\/pages\/4282\/revisions"}],"predecessor-version":[{"id":4284,"href":"https:\/\/kulturinsz.de\/cms\/wp-json\/wp\/v2\/pages\/4282\/revisions\/4284"}],"up":[{"embeddable":true,"href":"https:\/\/kulturinsz.de\/cms\/wp-json\/wp\/v2\/pages\/433"}],"wp:attachment":[{"href":"https:\/\/kulturinsz.de\/cms\/wp-json\/wp\/v2\/media?parent=4282"}],"curies":[{"name":"wp","href":"https:\/\/api.w.org\/{rel}","templated":true}]}}

<div style="width: 230px" class="wp-caption alignleft"><a href="http://upload.wikimedia.org/wikipedia/commons/thumb/7/76/Achim_Freyer.jpg/220px-Achim_Freyer.jpg"><img loading="lazy" alt="" src="http://upload.wikimedia.org/wikipedia/commons/thumb/7/76/Achim_Freyer.jpg/220px-Achim_Freyer.jpg" width="220" height="323" /></a><p class="wp-caption-text">Achim Freyer (Bild: Wikipedia)</p></div>
<p>Achim Freyer ist Regisseur, Bühnen- und Kostümbildner und nicht zuletzt Maler. Zunächst Meisterschüler von Bertolt Brecht am Berliner Ensemble, siedelte er 1972 nach West-Berlin über und begann eine Karriere als Regisseur an deutschen und europäischen Theatern. Als bildender Künstler fanden besonders seine Präsentationen auf der documenta 1977 und 1987 Beachtung. Von 1976 bis 2002 war er ordentlicher Professor an der Universität der Künste Berlin. In unserem Bezirk liegt das von ihm gestiftete <a title="KUNSTHAUS der Achim-Freyer-Stiftung" href="http://kulturinsz.de/cms/orte/galerien/kunsthaus-der-achim-freyer-stiftung/">KUNSTHAUS</a>.</p>
<p>Weitere Informationen:<br />
<a href="http://www.freyer-art.de/" target="_blank">www.freyer-art.de</a></p>

<p>Achim Freyer ist Regisseur, Bühnen- und Kostümbildner und nicht zuletzt Maler. Zunächst Meisterschüler von Bertolt Brecht am Berliner Ensemble, siedelte er 1972 nach West-Berlin über und begann eine Karriere als Regisseur an deutschen und europäischen Theatern. Als bildender Künstler fanden &hellip; <a href="https://kulturinsz.de/cms/menschen/maler/achim-freyer/">Weiterlesen <span class="meta-nav">&rarr;</span></a></p>
