{"id":4338,"date":"2014-04-01T15:39:13","date_gmt":"2014-04-01T13:39:13","guid":{"rendered":"http:\/\/kulturinsz.de\/cms\/?page_id=4338"},"modified":"2014-04-16T13:27:36","modified_gmt":"2014-04-16T11:27:36","slug":"tanztangente","status":"publish","type":"page","link":"https:\/\/kulturinsz.de\/cms\/orte\/tanz\/tanztangente\/","title":{"rendered":"TanzTangente"},"content":{"rendered":"<p>| <a href=\"http:\/\/kulturinsz.de\/cms\/orte\/tanz\/tanztangente\/\">Info<\/a> | <a href=\"http:\/\/kulturinsz.de\/cms\/locations\/tanztangente\/\">Veranstaltungen<\/a> | <a href=\"http:\/\/kulturinsz.de\/cms\/locations\/tanztangente\/\">Anfahrt<\/a> | <a href=\"http:\/\/kulturinsz.de\/cms\/orte\/tanz\/tanztangente\/\">Kommentare<\/a> |<\/p>\n<div align=\"left\">\n<p><a href=\"http:\/\/www.tanztangente.de\/mediapool\/145\/1455401\/resources\/big_33009202_0_250-333.JPG\"><img loading=\"lazy\" class=\"alignleft\" alt=\"\" src=\"http:\/\/www.tanztangente.de\/mediapool\/145\/1455401\/resources\/big_33009202_0_250-333.JPG\" width=\"249\" height=\"333\" \/><\/a>1981 wurde die TanzTangente von Leanore Ickstadt, Irene Sieben und Joanne Pateas gegr\u00fcndet (zeitgen\u00f6ssische T\u00e4nzerinnen und Sch\u00fclerinnen von Mary Wigman). Sie ist damit eine der \u00e4ltesten und am l\u00e4ngsten bestehenden Schulen f\u00fcr zeitgen\u00f6ssischen Tanz in Berlin. Schon damals leisteten die drei Frauen Pionierarbeit in der Vermittlung unterschiedlicher t\u00e4nzerischer Ausdrucksformen sowohl an Laien als auch an Profis. Seit Anbeginn bietet die TanzTangente aber auch kreativen Raum f\u00fcr internationalen k\u00fcnstlerischen Austausch, Weiterentwicklung und Forschung, f\u00fcr die Produktion und Pr\u00e4sentation von Tanzkunst. Viele heutzutage international bekannte T\u00e4nzer und K\u00fcnstler sind auf der Studiob\u00fchne der TanzTangente aufgetreten u.a. Ismael Ivo, Bill T.Jones, Arnie Zane, Helmut Gottschild u.a.<\/p>\n<p>Seit ihrer Gr\u00fcndung befindet sich die TanzTangente in stetiger Wandlung und Bewegung zwischen Tradition und Innovation. Mit dem Umzug 2012 (vom Steglitzer Kreisel in die Ahornstra\u00dfe) hat sie sich vergr\u00f6\u00dfert und nun auch ein eigenes Haus mit 3 Studios. Nadja Raszewski ist seit 2003 die k\u00fcnstlerische Leiterin der TanzTangente und hat die k\u00fcnstlerisch \u2013 p\u00e4dagogische Arbeit Leanores weiter entwickelt und verfeinert. So wird sie regelm\u00e4\u00dfig von gro\u00dfen Theater- und Opernh\u00e4usern engagiert, um den Tanzfunken in unterschiedlichsten Zusammenh\u00e4ngen zu z\u00fcnden und gro\u00dfe Tanzproduktionen auf die B\u00fchne zu bringen (mit Kindern, Jugendlichen, Gef\u00e4ngnisinsassen, Parkinson Erkrankten, Senioren, professionellen T\u00e4nzern u.a.)<\/p>\n<p>Zudem findet der von ihr, gemeinsam mit Daniela Grosset (Schulleitung der TanzTangente) und der UdK Berlin entwickelte, einj\u00e4hrige Zertifikats- und Weiterbildungskurs \u201ecreating dance in art and education \u2013Tanzp\u00e4dagogik \/ Choreografie\u201c in der TanzTangente statt.<\/p>\n<p>In der TanzTangente begeistert ein gro\u00dfartiges tanzp\u00e4dagogisches Team \u00fcber 250 Kinder, Jugendliche und Erwachsene f\u00fcr das Tanzen und das Erforschen von Bewegung (Feldenkrais\/Pilates). Unterst\u00fctzt werden sie dabei von SuB Kultur e.V., der sich aus der tanzp\u00e4dagogischen Arbeit der TanzTangente an Schulen entwickelt hat.\u00a0Ziel unserer Arbeit ist, das k\u00fcnstlerische Denken und Wirken und das soziale Verhalten intelligent, witzig, gesellschaftlich relevant und unkonventionell in Bewegung zu bringen.<\/p>\n<p><a href=\"http:\/\/www.tanztangente.de\/mediapool\/145\/1455401\/resources\/big_33009344_0_300-169.JPG\"><img loading=\"lazy\" class=\"alignright\" alt=\"\" src=\"http:\/\/www.tanztangente.de\/mediapool\/145\/1455401\/resources\/big_33009344_0_300-169.JPG\" width=\"300\" height=\"169\" \/><\/a>Die TanzTangente pr\u00e4gt Begriffe wie \u201ekreativer Kindertanz\u201c, \u201eTanz in Schulen\u201c und \u201ecommunity dance\u201c seit \u00fcber drei Jahrzehnten mit und arbeitet genre- und generations\u00fcbergreifend mit viel Leidenschaft, Humor und Bewegungsfreude.<\/p>\n<p>&nbsp;<\/p>\n<p><a href=\"http:\/\/www.tanztangente.de\" target=\"_blank\">www.TanzTangente.de<\/a><\/p>\n<\/div>\n","protected":false},"excerpt":{"rendered":"<p>| Info | Veranstaltungen | Anfahrt | Kommentare | 1981 wurde die TanzTangente von Leanore Ickstadt, Irene Sieben und Joanne Pateas gegr\u00fcndet (zeitgen\u00f6ssische T\u00e4nzerinnen und Sch\u00fclerinnen von Mary Wigman). Sie ist damit eine der \u00e4ltesten und am l\u00e4ngsten bestehenden Schulen &hellip; <a href=\"https:\/\/kulturinsz.de\/cms\/orte\/tanz\/tanztangente\/\">Weiterlesen <span class=\"meta-nav\">&rarr;<\/span><\/a><\/p>\n","protected":false},"author":3,"featured_media":0,"parent":4336,"menu_order":0,"comment_status":"open","ping_status":"open","template":"seite-mit-blog-aktuelles.php","meta":[],"_links":{"self":[{"href":"https:\/\/kulturinsz.de\/cms\/wp-json\/wp\/v2\/pages\/4338"}],"collection":[{"href":"https:\/\/kulturinsz.de\/cms\/wp-json\/wp\/v2\/pages"}],"about":[{"href":"https:\/\/kulturinsz.de\/cms\/wp-json\/wp\/v2\/types\/page"}],"author":[{"embeddable":true,"href":"https:\/\/kulturinsz.de\/cms\/wp-json\/wp\/v2\/users\/3"}],"replies":[{"embeddable":true,"href":"https:\/\/kulturinsz.de\/cms\/wp-json\/wp\/v2\/comments?post=4338"}],"version-history":[{"count":4,"href":"https:\/\/kulturinsz.de\/cms\/wp-json\/wp\/v2\/pages\/4338\/revisions"}],"predecessor-version":[{"id":4342,"href":"https:\/\/kulturinsz.de\/cms\/wp-json\/wp\/v2\/pages\/4338\/revisions\/4342"}],"up":[{"embeddable":true,"href":"https:\/\/kulturinsz.de\/cms\/wp-json\/wp\/v2\/pages\/4336"}],"wp:attachment":[{"href":"https:\/\/kulturinsz.de\/cms\/wp-json\/wp\/v2\/media?parent=4338"}],"curies":[{"name":"wp","href":"https:\/\/api.w.org\/{rel}","templated":true}]}}