{"id":4415,"date":"2014-04-16T13:12:38","date_gmt":"2014-04-16T11:12:38","guid":{"rendered":"http:\/\/kulturinsz.de\/cms\/?page_id=4415"},"modified":"2014-11-12T18:12:41","modified_gmt":"2014-11-12T17:12:41","slug":"willkommensbundnis-fur-fluchtlinge","status":"publish","type":"page","link":"https:\/\/kulturinsz.de\/cms\/projekte\/willkommensbundnis-fur-fluchtlinge\/","title":{"rendered":"Willkommensb\u00fcndnis f\u00fcr Fl\u00fcchtlinge"},"content":{"rendered":"<p>Die BVV hat in ihrer 23. Sitzung am 11.12.2013 beschlossen:<\/p>\n<p>&#8220;Die Bezirksverordnetenversammlung Steglitz-Zehlendorf hei\u00dft die Schutz suchenden Fl\u00fcchtlinge, Asylbewerberinnen und Asylbewerber in unserem Bezirk willkommen.<\/p>\n<p>Wir stehen zu unserer Verantwortung, hilfesuchenden politisch verfolgten Menschen eine sichere und menschenw\u00fcrdige Unterkunft zu bieten. Das ist in unserem Grundgesetz verankert und zugleich unsere menschliche Pflicht.<\/p>\n<p>Die Beschulung der Kinder und Jugendlichen, Angebote f\u00fcr ausreichende Kitapl\u00e4tze, eine gesundheitliche Betreuung, Zugang zu Freizeitangeboten sowie Sprachkurse f\u00fcr Erwachsene sollen den Fl\u00fcchtlingen, den Asylbewerberinnen und Asylbewerbern helfen, sich in einer bislang unbekannten Umgebung m\u00f6glichst schnell zurecht zu finden und am gesellschaftlichen Leben teilzuhaben. Besonders das Erlernen der deutschen Sprache ist hierf\u00fcr von wesentlicher Bedeutung.<\/p>\n<p>Die Bezirksverordnetenversammlung Steglitz-Zehlendorf wird alle Bestrebungen bef\u00f6rdern, die dem Ziel eines respektvollen Zusammenlebens dienen.<\/p>\n<p>Wir werden Fremdenfeindlichkeit und Rassismus nicht dulden, sondern mit Entschiedenheit und Kraft entgegen wirken. Wir werden keinerlei Toleranz gegen\u00fcber jeder Form von anti-demokratischer Gesinnung und ihren \u00c4u\u00dferungen zeigen.<\/p>\n<p>Zu dem respektvollen Umgang miteinander geh\u00f6rt, dass die Grunds\u00e4tze unseres gesellschaftlichen Lebens von allen beachtet werden. Hierzu z\u00e4hlen u. a. die Gleichberechtigung von Frauen und M\u00e4nnern, die Unantastbarkeit der Menschenw\u00fcrde sowie die R\u00fccksicht auf die Verschiedenheit der religi\u00f6sen Bekenntnisse.<\/p>\n<p>Die Bezirksverordnetenversammlung Steglitz-Zehlendorf begr\u00fc\u00dft die Gr\u00fcndung eines Willkommensb\u00fcndnisses unter der Schirmherrschaft des Bezirksb\u00fcrgermeisters und wird dieses politisch und personell unterst\u00fctzen.&#8221;<\/p>\n<p><a href=\"http:\/\/kulturinsz.de\/cms\/wp-content\/uploads\/2014\/04\/Foto-13.04.14-20-10-56.jpg\"><img loading=\"lazy\" class=\"alignright  wp-image-4423\" src=\"http:\/\/kulturinsz.de\/cms\/wp-content\/uploads\/2014\/04\/Foto-13.04.14-20-10-56-300x225.jpg\" alt=\"Foto 13.04.14 20 10 56\" width=\"236\" height=\"177\" srcset=\"https:\/\/kulturinsz.de\/cms\/wp-content\/uploads\/2014\/04\/Foto-13.04.14-20-10-56-300x225.jpg 300w, https:\/\/kulturinsz.de\/cms\/wp-content\/uploads\/2014\/04\/Foto-13.04.14-20-10-56.jpg 600w\" sizes=\"(max-width: 236px) 100vw, 236px\" \/><\/a>Kontakt zum Willkommensb\u00fcndnis aus Amt, sozialen Tr\u00e4gern und privaten Initiativen \u00fcber die <a title=\"Integrationsbeauftragte\" href=\"http:\/\/kulturinsz.de\/cms\/politik\/multikulturelles\/integrationsbeauftragte\/\">Integrationsbeauftragte<\/a> oder direkt per Mail unter WillkommensbuendnisSteglitzZehlendorf@gmx.net.<\/p>\n","protected":false},"excerpt":{"rendered":"<p>Die BVV hat in ihrer 23. Sitzung am 11.12.2013 beschlossen: &#8220;Die Bezirksverordnetenversammlung Steglitz-Zehlendorf hei\u00dft die Schutz suchenden Fl\u00fcchtlinge, Asylbewerberinnen und Asylbewerber in unserem Bezirk willkommen. Wir stehen zu unserer Verantwortung, hilfesuchenden politisch verfolgten Menschen eine sichere und menschenw\u00fcrdige Unterkunft zu &hellip; <a href=\"https:\/\/kulturinsz.de\/cms\/projekte\/willkommensbundnis-fur-fluchtlinge\/\">Weiterlesen <span class=\"meta-nav\">&rarr;<\/span><\/a><\/p>\n","protected":false},"author":3,"featured_media":0,"parent":106,"menu_order":0,"comment_status":"open","ping_status":"open","template":"seite-mit-blog-aktuelles.php","meta":[],"_links":{"self":[{"href":"https:\/\/kulturinsz.de\/cms\/wp-json\/wp\/v2\/pages\/4415"}],"collection":[{"href":"https:\/\/kulturinsz.de\/cms\/wp-json\/wp\/v2\/pages"}],"about":[{"href":"https:\/\/kulturinsz.de\/cms\/wp-json\/wp\/v2\/types\/page"}],"author":[{"embeddable":true,"href":"https:\/\/kulturinsz.de\/cms\/wp-json\/wp\/v2\/users\/3"}],"replies":[{"embeddable":true,"href":"https:\/\/kulturinsz.de\/cms\/wp-json\/wp\/v2\/comments?post=4415"}],"version-history":[{"count":5,"href":"https:\/\/kulturinsz.de\/cms\/wp-json\/wp\/v2\/pages\/4415\/revisions"}],"predecessor-version":[{"id":4833,"href":"https:\/\/kulturinsz.de\/cms\/wp-json\/wp\/v2\/pages\/4415\/revisions\/4833"}],"up":[{"embeddable":true,"href":"https:\/\/kulturinsz.de\/cms\/wp-json\/wp\/v2\/pages\/106"}],"wp:attachment":[{"href":"https:\/\/kulturinsz.de\/cms\/wp-json\/wp\/v2\/media?parent=4415"}],"curies":[{"name":"wp","href":"https:\/\/api.w.org\/{rel}","templated":true}]}}