{"id":456,"date":"2013-04-30T16:59:53","date_gmt":"2013-04-30T16:59:53","guid":{"rendered":"http:\/\/kulturinsz.de\/cms\/?page_id=456"},"modified":"2013-05-02T22:43:20","modified_gmt":"2013-05-02T22:43:20","slug":"kunstlergruppen","status":"publish","type":"page","link":"https:\/\/kulturinsz.de\/cms\/menschen\/kunstlergruppen\/","title":{"rendered":"K\u00fcnstlergruppen"},"content":{"rendered":"<p>Steglitz-Zehlendorf war zu vielen Zeiten auch Standort oder Bezugspunkt verschiedener K\u00fcnstlerInnengruppen: der &#8220;<a title=\"\u201cNeue Gemeinschaft\u201d\" href=\"http:\/\/kulturinsz.de\/cms\/menschen\/kunstlergruppen\/neue-gemeinschaft\/\">Neuen Gemeinschaft<\/a>&#8220;(1900-1903), der <a title=\"Berliner Secession\" href=\"http:\/\/kulturinsz.de\/cms\/menschen\/kunstlergruppen\/berliner-secession\/\">Berliner Secession <\/a>(ca. 1895-193?), <a title=\"Br\u00fccke\" href=\"http:\/\/kulturinsz.de\/cms\/menschen\/kunstlergruppen\/brucke\/\">Br\u00fccke<\/a> (1905-193?), des <a title=\"K\u00fcnstlerhaus 19\" href=\"http:\/\/kulturinsz.de\/cms\/menschen\/kunstlergruppen\/kunstlerhaus-19\/\">K\u00fcnstlerhauses 19<\/a> (seit 2000)<\/p>\n<p>Wir freuen uns \u00fcber Informationen zu weiteren K\u00fcnstler-Gruppen: info@KulturInSZ.de<\/p>\n","protected":false},"excerpt":{"rendered":"<p>Steglitz-Zehlendorf war zu vielen Zeiten auch Standort oder Bezugspunkt verschiedener K\u00fcnstlerInnengruppen: der &#8220;Neuen Gemeinschaft&#8220;(1900-1903), der Berliner Secession (ca. 1895-193?), Br\u00fccke (1905-193?), des K\u00fcnstlerhauses 19 (seit 2000) Wir freuen uns \u00fcber Informationen zu weiteren K\u00fcnstler-Gruppen: info@KulturInSZ.de<\/p>\n","protected":false},"author":3,"featured_media":0,"parent":13,"menu_order":0,"comment_status":"closed","ping_status":"closed","template":"seite-mit-blog-aktuelles.php","meta":[],"_links":{"self":[{"href":"https:\/\/kulturinsz.de\/cms\/wp-json\/wp\/v2\/pages\/456"}],"collection":[{"href":"https:\/\/kulturinsz.de\/cms\/wp-json\/wp\/v2\/pages"}],"about":[{"href":"https:\/\/kulturinsz.de\/cms\/wp-json\/wp\/v2\/types\/page"}],"author":[{"embeddable":true,"href":"https:\/\/kulturinsz.de\/cms\/wp-json\/wp\/v2\/users\/3"}],"replies":[{"embeddable":true,"href":"https:\/\/kulturinsz.de\/cms\/wp-json\/wp\/v2\/comments?post=456"}],"version-history":[{"count":10,"href":"https:\/\/kulturinsz.de\/cms\/wp-json\/wp\/v2\/pages\/456\/revisions"}],"predecessor-version":[{"id":1330,"href":"https:\/\/kulturinsz.de\/cms\/wp-json\/wp\/v2\/pages\/456\/revisions\/1330"}],"up":[{"embeddable":true,"href":"https:\/\/kulturinsz.de\/cms\/wp-json\/wp\/v2\/pages\/13"}],"wp:attachment":[{"href":"https:\/\/kulturinsz.de\/cms\/wp-json\/wp\/v2\/media?parent=456"}],"curies":[{"name":"wp","href":"https:\/\/api.w.org\/{rel}","templated":true}]}}