{"id":462,"date":"2013-03-30T17:26:05","date_gmt":"2013-03-30T17:26:05","guid":{"rendered":"http:\/\/kulturinsz.de\/cms\/?page_id=462"},"modified":"2013-04-20T11:15:11","modified_gmt":"2013-04-20T11:15:11","slug":"peter-hille","status":"publish","type":"page","link":"https:\/\/kulturinsz.de\/cms\/menschen\/autoren\/peter-hille\/","title":{"rendered":"Peter Hille &#8211; der &#8220;Bohemien von Schlachtensee&#8221;"},"content":{"rendered":"<p>Ein wichtiger Vertreter des Naturalismus verbrachte seinen Lebensabend nach vielen Umtrieben in Schlachtensee: Peter Hille (1854-1904). Durch halb Europa gezogen und schlie\u00dflich verarmt fand er hier im Rahmen der &#8220;<a title=\"\u201cNeue Gemeinschaft\u201d\" href=\"http:\/\/kulturinsz.de\/cms\/menschen\/kunstlergruppen\/neue-gemeinschaft\/\">Neuen Gemeinschaft<\/a>&#8221; Unterkunft und Unterst\u00fctzung, gr\u00fcndete ein Kabarett und starb hier bereits in einem Alter von 49 Jahren und erhielt ein Ehrengrab auf dem St.-Matthias-Friedhof in Berlin-Lichterfelde.<\/p>\n<p>Literaturtipp:<\/p>\n<p>Albrecht,<!--more--> G\u00fcnter (Hrsg.): Peter Hille &#8211; Der Bohemien von Schlachtensee (M\u00e4rkischer Dichtergarten), Buchverlag der Morgen, Berlin 1994 (1. Auflage)<\/p>\n<p>Link:<\/p>\n<p><a href=\"www.peter-hille-gesellschaft.de\" target=\"_blank\">Peter-Hille-Gesellschaft<\/a><\/p>\n","protected":false},"excerpt":{"rendered":"<p>Ein wichtiger Vertreter des Naturalismus verbrachte seinen Lebensabend nach vielen Umtrieben in Schlachtensee: Peter Hille (1854-1904). Durch halb Europa gezogen und schlie\u00dflich verarmt fand er hier im Rahmen der &#8220;Neuen Gemeinschaft&#8221; Unterkunft und Unterst\u00fctzung, gr\u00fcndete ein Kabarett und starb hier &hellip; <a href=\"https:\/\/kulturinsz.de\/cms\/menschen\/autoren\/peter-hille\/\">Weiterlesen <span class=\"meta-nav\">&rarr;<\/span><\/a><\/p>\n","protected":false},"author":3,"featured_media":0,"parent":84,"menu_order":0,"comment_status":"closed","ping_status":"closed","template":"seite-mit-blog-aktuelles.php","meta":[],"_links":{"self":[{"href":"https:\/\/kulturinsz.de\/cms\/wp-json\/wp\/v2\/pages\/462"}],"collection":[{"href":"https:\/\/kulturinsz.de\/cms\/wp-json\/wp\/v2\/pages"}],"about":[{"href":"https:\/\/kulturinsz.de\/cms\/wp-json\/wp\/v2\/types\/page"}],"author":[{"embeddable":true,"href":"https:\/\/kulturinsz.de\/cms\/wp-json\/wp\/v2\/users\/3"}],"replies":[{"embeddable":true,"href":"https:\/\/kulturinsz.de\/cms\/wp-json\/wp\/v2\/comments?post=462"}],"version-history":[{"count":15,"href":"https:\/\/kulturinsz.de\/cms\/wp-json\/wp\/v2\/pages\/462\/revisions"}],"predecessor-version":[{"id":1000,"href":"https:\/\/kulturinsz.de\/cms\/wp-json\/wp\/v2\/pages\/462\/revisions\/1000"}],"up":[{"embeddable":true,"href":"https:\/\/kulturinsz.de\/cms\/wp-json\/wp\/v2\/pages\/84"}],"wp:attachment":[{"href":"https:\/\/kulturinsz.de\/cms\/wp-json\/wp\/v2\/media?parent=462"}],"curies":[{"name":"wp","href":"https:\/\/api.w.org\/{rel}","templated":true}]}}