{"id":566,"date":"2013-04-30T16:21:38","date_gmt":"2013-04-30T16:21:38","guid":{"rendered":"http:\/\/kulturinsz.de\/cms\/?page_id=566"},"modified":"2013-05-02T18:46:38","modified_gmt":"2013-05-02T18:46:38","slug":"kurt-kurfiss","status":"publish","type":"page","link":"https:\/\/kulturinsz.de\/cms\/menschen\/architekten\/kurt-kurfiss\/","title":{"rendered":"Kurt Kurfiss"},"content":{"rendered":"<p>Kurt Kurfiss (1908-1987) war ein Nachkriegsarchitekt, der einige Geb\u00e4ude in Zehlendorf Zehlendorf entwarf, so z.B. den <a title=\"Kulturkiosk\" href=\"http:\/\/kulturinsz.de\/cms\/orte\/kulturkiosk\/\">Kulturkiosk<\/a>, das Wohnhaus Im Dol 71, und das Wohnhaus Beuckestr.14.<br \/>\nKennzeichnend f\u00fcr seinen Stil sind klare, gerade Formen und gro\u00dfe Fensterfl\u00e4chen, die f\u00fcr lichtdurchflutete R\u00e4ume sorg(t)en.<\/p>\n","protected":false},"excerpt":{"rendered":"<p>Kurt Kurfiss (1908-1987) war ein Nachkriegsarchitekt, der einige Geb\u00e4ude in Zehlendorf Zehlendorf entwarf, so z.B. den Kulturkiosk, das Wohnhaus Im Dol 71, und das Wohnhaus Beuckestr.14. Kennzeichnend f\u00fcr seinen Stil sind klare, gerade Formen und gro\u00dfe Fensterfl\u00e4chen, die f\u00fcr lichtdurchflutete &hellip; <a href=\"https:\/\/kulturinsz.de\/cms\/menschen\/architekten\/kurt-kurfiss\/\">Weiterlesen <span class=\"meta-nav\">&rarr;<\/span><\/a><\/p>\n","protected":false},"author":3,"featured_media":0,"parent":563,"menu_order":0,"comment_status":"open","ping_status":"closed","template":"seite-mit-blog-aktuelles.php","meta":[],"_links":{"self":[{"href":"https:\/\/kulturinsz.de\/cms\/wp-json\/wp\/v2\/pages\/566"}],"collection":[{"href":"https:\/\/kulturinsz.de\/cms\/wp-json\/wp\/v2\/pages"}],"about":[{"href":"https:\/\/kulturinsz.de\/cms\/wp-json\/wp\/v2\/types\/page"}],"author":[{"embeddable":true,"href":"https:\/\/kulturinsz.de\/cms\/wp-json\/wp\/v2\/users\/3"}],"replies":[{"embeddable":true,"href":"https:\/\/kulturinsz.de\/cms\/wp-json\/wp\/v2\/comments?post=566"}],"version-history":[{"count":8,"href":"https:\/\/kulturinsz.de\/cms\/wp-json\/wp\/v2\/pages\/566\/revisions"}],"predecessor-version":[{"id":1306,"href":"https:\/\/kulturinsz.de\/cms\/wp-json\/wp\/v2\/pages\/566\/revisions\/1306"}],"up":[{"embeddable":true,"href":"https:\/\/kulturinsz.de\/cms\/wp-json\/wp\/v2\/pages\/563"}],"wp:attachment":[{"href":"https:\/\/kulturinsz.de\/cms\/wp-json\/wp\/v2\/media?parent=566"}],"curies":[{"name":"wp","href":"https:\/\/api.w.org\/{rel}","templated":true}]}}