{"id":570,"date":"2013-04-30T16:34:35","date_gmt":"2013-04-30T16:34:35","guid":{"rendered":"http:\/\/kulturinsz.de\/cms\/?page_id=570"},"modified":"2013-07-17T11:25:11","modified_gmt":"2013-07-17T09:25:11","slug":"die-spiegelwand","status":"publish","type":"page","link":"https:\/\/kulturinsz.de\/cms\/orte\/denkmaeler\/die-spiegelwand\/","title":{"rendered":"Die &#8220;Spiegelwand&#8221;"},"content":{"rendered":"<p>| <a title=\"Die \u201cSpiegelwand\u201d\" href=\"http:\/\/kulturinsz.de\/cms\/orte\/denkmaeler\/die-spiegelwand\/\">Info<\/a> | <a title=\"Die \u201cSpiegelwand\u201d\" href=\"http:\/\/kulturinsz.de\/cms\/locations\/die-spiegelwand\/\">Veranstaltungen<\/a> | <a title=\"Die \u201cSpiegelwand\u201d\" href=\"http:\/\/kulturinsz.de\/cms\/locations\/die-spiegelwand\/\">Anfahrt<\/a> | <a title=\"Die \u201cSpiegelwand\u201d\" href=\"http:\/\/kulturinsz.de\/cms\/orte\/denkmaeler\/die-spiegelwand\/\">Kommentare<\/a> |<\/p>\n<p>Auf dem s\u00fcdlichen Teil des Hermann-Ehlers-Platzes befindet sich zur Erinnerung an die im Holocaust aus Steglitz deportierten j\u00fcdischen Mitb\u00fcrger die sogenannte &#8220;Spiegelwand&#8221; mit Namen der Deportierten. Nur wenige wissen, dass sich unweit die <a title=\"Alte Synagoge\" href=\"http:\/\/kulturinsz.de\/cms\/orte\/unbekannte-orte\/alte-synagoge\/\">damalige Synagoge<\/a> befand. Reste davon sind noch zu erkennen, wenn man sich durch den nahegelegenen Friseursalon in den Hinterhof der H\u00e4user begibt. Dort lassen sich an der Fassade des heutzutage profan genutzen Hinterhauses noch einzelne Elemente erkennen, die auf die Nutzung als Synagoge hinweisen.<\/p>\n","protected":false},"excerpt":{"rendered":"<p>| Info | Veranstaltungen | Anfahrt | Kommentare | Auf dem s\u00fcdlichen Teil des Hermann-Ehlers-Platzes befindet sich zur Erinnerung an die im Holocaust aus Steglitz deportierten j\u00fcdischen Mitb\u00fcrger die sogenannte &#8220;Spiegelwand&#8221; mit Namen der Deportierten. Nur wenige wissen, dass sich &hellip; <a href=\"https:\/\/kulturinsz.de\/cms\/orte\/denkmaeler\/die-spiegelwand\/\">Weiterlesen <span class=\"meta-nav\">&rarr;<\/span><\/a><\/p>\n","protected":false},"author":3,"featured_media":0,"parent":132,"menu_order":0,"comment_status":"open","ping_status":"open","template":"seite-mit-blog-aktuelles.php","meta":[],"_links":{"self":[{"href":"https:\/\/kulturinsz.de\/cms\/wp-json\/wp\/v2\/pages\/570"}],"collection":[{"href":"https:\/\/kulturinsz.de\/cms\/wp-json\/wp\/v2\/pages"}],"about":[{"href":"https:\/\/kulturinsz.de\/cms\/wp-json\/wp\/v2\/types\/page"}],"author":[{"embeddable":true,"href":"https:\/\/kulturinsz.de\/cms\/wp-json\/wp\/v2\/users\/3"}],"replies":[{"embeddable":true,"href":"https:\/\/kulturinsz.de\/cms\/wp-json\/wp\/v2\/comments?post=570"}],"version-history":[{"count":9,"href":"https:\/\/kulturinsz.de\/cms\/wp-json\/wp\/v2\/pages\/570\/revisions"}],"predecessor-version":[{"id":572,"href":"https:\/\/kulturinsz.de\/cms\/wp-json\/wp\/v2\/pages\/570\/revisions\/572"}],"up":[{"embeddable":true,"href":"https:\/\/kulturinsz.de\/cms\/wp-json\/wp\/v2\/pages\/132"}],"wp:attachment":[{"href":"https:\/\/kulturinsz.de\/cms\/wp-json\/wp\/v2\/media?parent=570"}],"curies":[{"name":"wp","href":"https:\/\/api.w.org\/{rel}","templated":true}]}}

<p>| <a title="Die “Spiegelwand”" href="http://kulturinsz.de/cms/orte/denkmaeler/die-spiegelwand/">Info</a> | <a title="Die “Spiegelwand”" href="http://kulturinsz.de/cms/locations/die-spiegelwand/">Veranstaltungen</a> | <a title="Die “Spiegelwand”" href="http://kulturinsz.de/cms/locations/die-spiegelwand/">Anfahrt</a> | <a title="Die “Spiegelwand”" href="http://kulturinsz.de/cms/orte/denkmaeler/die-spiegelwand/">Kommentare</a> |</p>
<p>Auf dem südlichen Teil des Hermann-Ehlers-Platzes befindet sich zur Erinnerung an die im Holocaust aus Steglitz deportierten jüdischen Mitbürger die sogenannte &#8220;Spiegelwand&#8221; mit Namen der Deportierten. Nur wenige wissen, dass sich unweit die <a title="Alte Synagoge" href="http://kulturinsz.de/cms/orte/unbekannte-orte/alte-synagoge/">damalige Synagoge</a> befand. Reste davon sind noch zu erkennen, wenn man sich durch den nahegelegenen Friseursalon in den Hinterhof der Häuser begibt. Dort lassen sich an der Fassade des heutzutage profan genutzen Hinterhauses noch einzelne Elemente erkennen, die auf die Nutzung als Synagoge hinweisen.</p>

<p>| Info | Veranstaltungen | Anfahrt | Kommentare | Auf dem südlichen Teil des Hermann-Ehlers-Platzes befindet sich zur Erinnerung an die im Holocaust aus Steglitz deportierten jüdischen Mitbürger die sogenannte &#8220;Spiegelwand&#8221; mit Namen der Deportierten. Nur wenige wissen, dass sich &hellip; <a href="https://kulturinsz.de/cms/orte/denkmaeler/die-spiegelwand/">Weiterlesen <span class="meta-nav">&rarr;</span></a></p>
