{"id":6055,"date":"2016-02-17T18:07:39","date_gmt":"2016-02-17T17:07:39","guid":{"rendered":"http:\/\/kulturinsz.de\/cms\/?page_id=6055"},"modified":"2016-02-17T18:07:39","modified_gmt":"2016-02-17T17:07:39","slug":"remise-steglitz","status":"publish","type":"page","link":"https:\/\/kulturinsz.de\/cms\/orte\/galerien\/remise-steglitz\/","title":{"rendered":"Remise Steglitz"},"content":{"rendered":"<p>| <a href=\"http:\/\/kulturinsz.de\/cms\/orte\/remise-steglitz\/\">Info<\/a> |<a href=\"http:\/\/kulturinsz.de\/cms\/locations\/remise-steglitz\"> Veranstaltungen<\/a> | <a href=\"http:\/\/kulturinsz.de\/cms\/locations\/remise-steglitz\">Anfahrt<\/a> | <a href=\"http:\/\/kulturinsz.de\/cms\/orte\/remise-steglitz\/\">Kommentare<\/a> |<\/p>\n<p>Mit der Remise Steglitz verwirklichen wir uns den Traum vom gemeinsamen Arbeiten. Wir haben einen Ort geschaffen, an dem sich kreative Dienstleister treffen, inspirieren und austauschen k\u00f6nnen.<\/p>\n<p>Die Remise Steglitz ist Treffpunkt f\u00fcr Unternehmen, die Unterst\u00fctzung f\u00fcr ihr Business suchen. Das Partnernetzwerk b\u00fcndelt projektbezogen seine Talente. So k\u00f6nnen wir auch komplexe Kundenw\u00fcnsche rund um Webauftritt, Design, Kommunikation und Marketing aus einer Hand bearbeiten.<\/p>\n<p>Und: In der Remise wird nicht nur gearbeitet. Inspiration und ein sch\u00f6nes Ambiente sind f\u00fcr unsere kreative Arbeit essentiell. Darum stellen wir noch unbekannte K\u00fcnstler aus und schaffen Events, auf denen wir uns weiter vernetzen und Kontakte vermitteln k\u00f6nnen.<\/p>\n","protected":false},"excerpt":{"rendered":"<p>| Info | Veranstaltungen | Anfahrt | Kommentare | Mit der Remise Steglitz verwirklichen wir uns den Traum vom gemeinsamen Arbeiten. Wir haben einen Ort geschaffen, an dem sich kreative Dienstleister treffen, inspirieren und austauschen k\u00f6nnen. Die Remise Steglitz ist &hellip; <a href=\"https:\/\/kulturinsz.de\/cms\/orte\/galerien\/remise-steglitz\/\">Weiterlesen <span class=\"meta-nav\">&rarr;<\/span><\/a><\/p>\n","protected":false},"author":3,"featured_media":0,"parent":82,"menu_order":0,"comment_status":"open","ping_status":"open","template":"seite-mit-blog-aktuelles.php","meta":[],"_links":{"self":[{"href":"https:\/\/kulturinsz.de\/cms\/wp-json\/wp\/v2\/pages\/6055"}],"collection":[{"href":"https:\/\/kulturinsz.de\/cms\/wp-json\/wp\/v2\/pages"}],"about":[{"href":"https:\/\/kulturinsz.de\/cms\/wp-json\/wp\/v2\/types\/page"}],"author":[{"embeddable":true,"href":"https:\/\/kulturinsz.de\/cms\/wp-json\/wp\/v2\/users\/3"}],"replies":[{"embeddable":true,"href":"https:\/\/kulturinsz.de\/cms\/wp-json\/wp\/v2\/comments?post=6055"}],"version-history":[{"count":1,"href":"https:\/\/kulturinsz.de\/cms\/wp-json\/wp\/v2\/pages\/6055\/revisions"}],"predecessor-version":[{"id":6056,"href":"https:\/\/kulturinsz.de\/cms\/wp-json\/wp\/v2\/pages\/6055\/revisions\/6056"}],"up":[{"embeddable":true,"href":"https:\/\/kulturinsz.de\/cms\/wp-json\/wp\/v2\/pages\/82"}],"wp:attachment":[{"href":"https:\/\/kulturinsz.de\/cms\/wp-json\/wp\/v2\/media?parent=6055"}],"curies":[{"name":"wp","href":"https:\/\/api.w.org\/{rel}","templated":true}]}}