{"id":88,"date":"2013-04-30T17:54:07","date_gmt":"2013-04-30T17:54:07","guid":{"rendered":"http:\/\/kulturinsz.de\/cms\/?page_id=88"},"modified":"2013-05-03T21:26:52","modified_gmt":"2013-05-03T21:26:52","slug":"architektur","status":"publish","type":"page","link":"https:\/\/kulturinsz.de\/cms\/werke\/architektur\/","title":{"rendered":"Architektur"},"content":{"rendered":"<p>|<strong>O<\/strong>|  <a title=\"Onkel-Tom-Siedlung\" href=\"http:\/\/kulturinsz.de\/cms\/werke\/architektur\/onkel-tom-siedlung\/\">Onkel-Tom-Siedlung<\/a>  |<strong>S<\/strong>|  <a title=\"Studentendorf Schlachtensee\" href=\"http:\/\/kulturinsz.de\/cms\/orte\/denkmaeler\/studentendorf-schlachtensee\/\">Studentendorf Schlachtensee<\/a>  |<\/p>\n<p>Sie w\u00fcrden gerne weitere architektonische Werke vorstellen? Wir w\u00fcrden uns \u00fcber beitr\u00e4ge an info@KulturInSZ.de freuen.<\/p>\n","protected":false},"excerpt":{"rendered":"<p>|O| Onkel-Tom-Siedlung |S| Studentendorf Schlachtensee | Sie w\u00fcrden gerne weitere architektonische Werke vorstellen? Wir w\u00fcrden uns \u00fcber beitr\u00e4ge an info@KulturInSZ.de freuen.<\/p>\n","protected":false},"author":3,"featured_media":0,"parent":17,"menu_order":0,"comment_status":"open","ping_status":"open","template":"seite-mit-blog-aktuelles.php","meta":[],"_links":{"self":[{"href":"https:\/\/kulturinsz.de\/cms\/wp-json\/wp\/v2\/pages\/88"}],"collection":[{"href":"https:\/\/kulturinsz.de\/cms\/wp-json\/wp\/v2\/pages"}],"about":[{"href":"https:\/\/kulturinsz.de\/cms\/wp-json\/wp\/v2\/types\/page"}],"author":[{"embeddable":true,"href":"https:\/\/kulturinsz.de\/cms\/wp-json\/wp\/v2\/users\/3"}],"replies":[{"embeddable":true,"href":"https:\/\/kulturinsz.de\/cms\/wp-json\/wp\/v2\/comments?post=88"}],"version-history":[{"count":6,"href":"https:\/\/kulturinsz.de\/cms\/wp-json\/wp\/v2\/pages\/88\/revisions"}],"predecessor-version":[{"id":1601,"href":"https:\/\/kulturinsz.de\/cms\/wp-json\/wp\/v2\/pages\/88\/revisions\/1601"}],"up":[{"embeddable":true,"href":"https:\/\/kulturinsz.de\/cms\/wp-json\/wp\/v2\/pages\/17"}],"wp:attachment":[{"href":"https:\/\/kulturinsz.de\/cms\/wp-json\/wp\/v2\/media?parent=88"}],"curies":[{"name":"wp","href":"https:\/\/api.w.org\/{rel}","templated":true}]}}